{"id":1676,"date":"2015-06-11T02:22:35","date_gmt":"2015-06-11T01:22:35","guid":{"rendered":"http:\/\/www.avec-un-z.fr\/photo\/?page_id=1674"},"modified":"2015-06-11T02:22:35","modified_gmt":"2013-07-08T21:02:41","slug":"les-heures-latentes","status":"publish","type":"page","link":"https:\/\/arnaud-rodriguez.net\/photo\/expositions\/les-heures-latentes\/","title":{"rendered":"Les heures latentes"},"content":{"rendered":"<p>Exposition du 1er juillet au 30 septembre 2013<br \/>\n<em>Galerie Vivoequidem, 113, rue du Cherche-Midi, <\/em> <em>Paris 6<\/em><\/p>\n<p>Projet collectif : une photographie par jour, du 1er juillet au 31 ao\u00fbt, prise avec un t\u00e9l\u00e9phone portable et envoy\u00e9e \u00e0 la galerie.<\/p>\n<p>Curateur : Fabien Danesi.<\/p>\n<p><a href=\"http:\/\/www.arnaud-rodriguez.net\/photo\/wp-content\/uploads\/2013\/07\/070913-DSC_2446.jpg\"><img loading=\"lazy\" decoding=\"async\" class=\"alignnone size-large wp-image-1721\" title=\"070913-DSC_2446\" src=\"http:\/\/www.arnaud-rodriguez.net\/photo\/wp-content\/uploads\/2013\/07\/070913-DSC_2446-715x475.jpg\" alt=\"\" width=\"715\" height=\"475\" \/><\/a><\/p>\n<p>En savoir plus : <a href=\"http:\/\/www.lesheureslatentes.com\" target=\"_blank\">www.lesheureslatentes.com<\/a><\/p>\n<p>&nbsp;<\/p>\n<h2>Interview par Fabien Danesi<\/h2>\n<div>\n<p><em><strong>Quelle \u00e9tait votre pratique photographique avant l&rsquo;exposition des Heures latentes ?<\/strong><\/em><\/p>\n<\/div>\n<p>Une pratique quotidienne, symbolis\u00e9e en particulier par un journal (presque) quotidien en ligne (<a title=\"www.avez-un-z.fr\/journal\" href=\"http:\/\/www.avez-un-z.fr\/journal\" target=\"_blank\">www.avez-un-z.fr\/journal<\/a>) et quelques s\u00e9ries restant \u00e0 l&rsquo;\u00e9tat de pages web sur mon site. Une pratique non professionnelle mais quelques expositions d\u00e9j\u00e0 r\u00e9alis\u00e9es (lieu associatif \u00e0 Amiens, mairie de Blois, Galerie Jeune cr\u00e9ation \u00e0 Paris&#8230;).<\/p>\n<p><em><strong>Pensez-vous que l&rsquo;utilisation de votre portable durant cette exp\u00e9rience a \u00e9volu\u00e9 ? Si c&rsquo;est le cas, en quel sens ?<\/strong><\/em><\/p>\n<p>L&rsquo;id\u00e9e de d\u00e9part dans ma participation \u00e9tait justement d&rsquo;utiliser enfin cet outil que je refusais d&#8217;employer pour la photographie. Profondeur de champ, couleurs, qualit\u00e9 de l&rsquo;image&#8230; entre particularit\u00e9s techniques et multiples <em>a priori<\/em>, je pensais que l&rsquo;appareil photo ne correspondait pas \u00e0 ma pratique de la photo, une pratique pourtant contraignante (car j&rsquo;utilise un r\u00e9flex, donc assez lourd et encombrant, que je dois avoir en permanence avec moi).<\/p>\n<p>C&rsquo;est, en fait, d&rsquo;avantage mon utilisation avant \/ pendant l&rsquo;exposition qui a \u00e9volu\u00e9. L&rsquo;utilisation du t\u00e9l\u00e9phone m&rsquo;a assez vite offert un champ plus large pour les sc\u00e8nes du quotidien : d&rsquo;abord parce que l&rsquo;objet est bien plus discret (taille et bruit) et parce qu&rsquo;ensuite on n&rsquo;a pas besoin de le \u00ab\u00a0sortir\u00a0\u00bb, il est l\u00e0 en permanence, dans les transports ou durant une soir\u00e9e&#8230; Et puis \u00ab\u00a0tout le monde\u00a0\u00bb fait des photos tout le temps avec un t\u00e9l\u00e9phone, on est en quelque sorte plus discret pour ces raisons l\u00e0 ; il m&rsquo;a donc s\u00fbrement lib\u00e9r\u00e9, ou en tout cas offert l&rsquo;opportunit\u00e9 de faire des photos que je n&rsquo;aurais pas faite avec un r\u00e9flex, faisant fi de la qualit\u00e9 et imposant une profondeur de champ inhabituelle pour moi.<\/p>\n<p>En dehors de la photo, ce qui est s\u00fbr c&rsquo;est que j&rsquo;ai beaucoup plus utilis\u00e9 mon portable, et que je me suis mis \u00e0 utiliser la fonction \u00ab\u00a0mail\u00a0\u00bb, chose in\u00e9dite.<\/p>\n<p><em><strong>Quelle(s) est (sont) l&rsquo;image (les images) que vous retenez de ces deux mois ?<\/strong><\/em><\/p>\n<p>Pour mes photos, ce sont les images que j&rsquo;ai justement pu prendre parce que l&rsquo;objet est discret : les filles dans le RER avec leur noeud de Mickey sur la t\u00eate est la photo qui me vient imm\u00e9diatement \u00e0 l&rsquo;esprit. Pourtant le cadrage est approximatif, la photo sombre. Mais cela repr\u00e9sente ce que je cherchais.<\/p>\n<p><em><strong>Qu&rsquo;est-ce qui a \u00e9t\u00e9 impossible \u00e0 photographier durant l&rsquo;exposition ?<\/strong><\/em><\/p>\n<p>Les postures, les mises en sc\u00e8ne, les \u00ab\u00a0tiens t&rsquo;as qu&rsquo;\u00e0 montrer \u00e7a\u00a0\u00bb&#8230; tout ce qui n&rsquo;\u00e9tait pas pris plus ou moins sur le vif.<\/p>\n<p><em><strong>Comment qualifierez-vous cet \u00e9t\u00e9 2013 ?<\/strong><\/em><\/p>\n<p>Ensommeill\u00e9, ensoleill\u00e9.<\/p>\n","protected":false},"excerpt":{"rendered":"<p>Exposition du 1er juillet au 30 septembre 2013 Galerie Vivoequidem, 113, rue du Cherche-Midi, Paris 6 Projet collectif : une photographie par jour, du 1er juillet au 31 ao\u00fbt, prise avec un t\u00e9l\u00e9phone portable et envoy\u00e9e \u00e0 la galerie. Curateur : Fabien Danesi. En savoir plus : www.lesheureslatentes.com &nbsp; Interview par Fabien Danesi Quelle \u00e9tait [&hellip;]<\/p>\n","protected":false},"author":2,"featured_media":0,"parent":892,"menu_order":7,"comment_status":"open","ping_status":"closed","template":"","meta":{"_monsterinsights_skip_tracking":false,"_monsterinsights_sitenote_active":false,"_monsterinsights_sitenote_note":"","_monsterinsights_sitenote_category":0,"footnotes":""},"class_list":["post-1676","page","type-page","status-publish","hentry"],"aioseo_notices":[],"_links":{"self":[{"href":"https:\/\/arnaud-rodriguez.net\/photo\/wp-json\/wp\/v2\/pages\/1676","targetHints":{"allow":["GET"]}}],"collection":[{"href":"https:\/\/arnaud-rodriguez.net\/photo\/wp-json\/wp\/v2\/pages"}],"about":[{"href":"https:\/\/arnaud-rodriguez.net\/photo\/wp-json\/wp\/v2\/types\/page"}],"author":[{"embeddable":true,"href":"https:\/\/arnaud-rodriguez.net\/photo\/wp-json\/wp\/v2\/users\/2"}],"replies":[{"embeddable":true,"href":"https:\/\/arnaud-rodriguez.net\/photo\/wp-json\/wp\/v2\/comments?post=1676"}],"version-history":[{"count":0,"href":"https:\/\/arnaud-rodriguez.net\/photo\/wp-json\/wp\/v2\/pages\/1676\/revisions"}],"up":[{"embeddable":true,"href":"https:\/\/arnaud-rodriguez.net\/photo\/wp-json\/wp\/v2\/pages\/892"}],"wp:attachment":[{"href":"https:\/\/arnaud-rodriguez.net\/photo\/wp-json\/wp\/v2\/media?parent=1676"}],"curies":[{"name":"wp","href":"https:\/\/api.w.org\/{rel}","templated":true}]}}

<p>Exposition du 1er juillet au 30 septembre 2013<br />
<em>Galerie Vivoequidem, 113, rue du Cherche-Midi, </em> <em>Paris 6</em></p>
<p>Projet collectif : une photographie par jour, du 1er juillet au 31 août, prise avec un téléphone portable et envoyée à la galerie.</p>
<p>Curateur : Fabien Danesi.</p>
<p><a href="http://www.arnaud-rodriguez.net/photo/wp-content/uploads/2013/07/070913-DSC_2446.jpg"><img loading="lazy" decoding="async" class="alignnone size-large wp-image-1721" title="070913-DSC_2446" src="http://www.arnaud-rodriguez.net/photo/wp-content/uploads/2013/07/070913-DSC_2446-715x475.jpg" alt="" width="715" height="475" /></a></p>
<p>En savoir plus : <a href="http://www.lesheureslatentes.com" target="_blank">www.lesheureslatentes.com</a></p>
<p>&nbsp;</p>
<h2>Interview par Fabien Danesi</h2>
<div>
<p><em><strong>Quelle était votre pratique photographique avant l&rsquo;exposition des Heures latentes ?</strong></em></p>
</div>
<p>Une pratique quotidienne, symbolisée en particulier par un journal (presque) quotidien en ligne (<a title="www.avez-un-z.fr/journal" href="http://www.avez-un-z.fr/journal" target="_blank">www.avez-un-z.fr/journal</a>) et quelques séries restant à l&rsquo;état de pages web sur mon site. Une pratique non professionnelle mais quelques expositions déjà réalisées (lieu associatif à Amiens, mairie de Blois, Galerie Jeune création à Paris&#8230;).</p>
<p><em><strong>Pensez-vous que l&rsquo;utilisation de votre portable durant cette expérience a évolué ? Si c&rsquo;est le cas, en quel sens ?</strong></em></p>
<p>L&rsquo;idée de départ dans ma participation était justement d&rsquo;utiliser enfin cet outil que je refusais d&#8217;employer pour la photographie. Profondeur de champ, couleurs, qualité de l&rsquo;image&#8230; entre particularités techniques et multiples <em>a priori</em>, je pensais que l&rsquo;appareil photo ne correspondait pas à ma pratique de la photo, une pratique pourtant contraignante (car j&rsquo;utilise un réflex, donc assez lourd et encombrant, que je dois avoir en permanence avec moi).</p>
<p>C&rsquo;est, en fait, d&rsquo;avantage mon utilisation avant / pendant l&rsquo;exposition qui a évolué. L&rsquo;utilisation du téléphone m&rsquo;a assez vite offert un champ plus large pour les scènes du quotidien : d&rsquo;abord parce que l&rsquo;objet est bien plus discret (taille et bruit) et parce qu&rsquo;ensuite on n&rsquo;a pas besoin de le « sortir », il est là en permanence, dans les transports ou durant une soirée&#8230; Et puis « tout le monde » fait des photos tout le temps avec un téléphone, on est en quelque sorte plus discret pour ces raisons là ; il m&rsquo;a donc sûrement libéré, ou en tout cas offert l&rsquo;opportunité de faire des photos que je n&rsquo;aurais pas faite avec un réflex, faisant fi de la qualité et imposant une profondeur de champ inhabituelle pour moi.</p>
<p>En dehors de la photo, ce qui est sûr c&rsquo;est que j&rsquo;ai beaucoup plus utilisé mon portable, et que je me suis mis à utiliser la fonction « mail », chose inédite.</p>
<p><em><strong>Quelle(s) est (sont) l&rsquo;image (les images) que vous retenez de ces deux mois ?</strong></em></p>
<p>Pour mes photos, ce sont les images que j&rsquo;ai justement pu prendre parce que l&rsquo;objet est discret : les filles dans le RER avec leur noeud de Mickey sur la tête est la photo qui me vient immédiatement à l&rsquo;esprit. Pourtant le cadrage est approximatif, la photo sombre. Mais cela représente ce que je cherchais.</p>
<p><em><strong>Qu&rsquo;est-ce qui a été impossible à photographier durant l&rsquo;exposition ?</strong></em></p>
<p>Les postures, les mises en scène, les « tiens t&rsquo;as qu&rsquo;à montrer ça »&#8230; tout ce qui n&rsquo;était pas pris plus ou moins sur le vif.</p>
<p><em><strong>Comment qualifierez-vous cet été 2013 ?</strong></em></p>
<p>Ensommeillé, ensoleillé.</p>

<p>Exposition du 1er juillet au 30 septembre 2013 Galerie Vivoequidem, 113, rue du Cherche-Midi, Paris 6 Projet collectif : une photographie par jour, du 1er juillet au 31 août, prise avec un téléphone portable et envoyée à la galerie. Curateur : Fabien Danesi. En savoir plus : www.lesheureslatentes.com &nbsp; Interview par Fabien Danesi Quelle était [&hellip;]</p>
