{"id":1782,"date":"2015-06-11T02:52:30","date_gmt":"2014-01-09T10:40:56","guid":{"rendered":"http:\/\/www.avec-un-z.fr\/photo\/?page_id=1782"},"modified":"2025-08-06T15:34:26","modified_gmt":"2025-08-06T13:34:26","slug":"contrepoints-japonais","status":"publish","type":"page","link":"https:\/\/arnaud-rodriguez.net\/photo\/expositions\/contrepoints-japonais\/","title":{"rendered":"Contrepoints japonais"},"content":{"rendered":"\n<p>L\u2019exposition <em>Contrepoints japonais<\/em> mettait en parall\u00e8le deux projets photographiques distincts. Ce qui les r\u00e9unissait, c\u2019est le voyage. Que retient-on d\u2019un pays qu\u2019on d\u00e9couvre ? Comment saisit-on un pays que l\u2019on retrouve ?<\/p>\n\n\n\n<p>L&rsquo;id\u00e9e de contrepoints se retrouvait dans l&rsquo;opposition des deux projets expos\u00e9s. D&rsquo;un c\u00f4t\u00e9 une s\u00e9rie construite, d\u00e9j\u00e0 montr\u00e9e, r\u00e9duite, encadr\u00e9e, sur tirage \u00ab\u00a0de qualit\u00e9\u00a0\u00bb. D&rsquo;un autre c\u00f4t\u00e9 un ensemble d&rsquo;images beaucoup plus nombreuses, sur un support brut (du papier journal) qui au fil des jours a jauni, s&rsquo;est l\u00e9g\u00e8rement d\u00e9chir\u00e9, comme les souvenirs de vacances qui petit \u00e0 petit s&rsquo;effacent. Les deux espaces d&rsquo;exposition de la Maison nationale des artistes permettaient une s\u00e9paration.<\/p>\n\n\n\n<figure class=\"wp-block-image alignright is-resized\"><img decoding=\"async\" src=\"http:\/\/www.arnaud-rodriguez.net\/photo\/wp-content\/uploads\/2014\/01\/voussuivre-expo-DSC_6588-430x286.jpg\" alt=\"voussuivre-expo-DSC_6588\" class=\"wp-image-2117\" style=\"aspect-ratio:1.502092050209205;width:412px;height:auto\"\/><\/figure>\n\n\n\n<h2 class=\"wp-block-heading\">. Vous suivre<\/h2>\n\n\n\n<p>20 tirages Hannemuhle mat.<\/p>\n\n\n\n<p>Lors d\u2019un premier s\u00e9jour au Japon en 2011, parmi les milliers d\u2019images rapport\u00e9es, je me suis attach\u00e9 \u00e0 celles de passants que j\u2019ai suivis, aux profils qui s\u2019appr\u00eataient \u00e0 dispara\u00eetre. Leur pr\u00e9sence \u00e9ph\u00e9m\u00e8re impr\u00e8gne ces moments d\u2019une pudeur naturelle. Mais cette distance t\u00e9moigne \u00e9galement d\u2019une retenue, la mienne.<\/p>\n\n\n\n<h2 class=\"wp-block-heading\" id=\"contrepoints\">. Contrepoints<\/h2>\n\n\n\n<figure class=\"wp-block-image alignright is-resized\"><img decoding=\"async\" src=\"http:\/\/www.arnaud-rodriguez.net\/photo\/wp-content\/uploads\/2014\/01\/CP-DSC_5928-430x286.jpg\" alt=\"CP-DSC_5928\" class=\"wp-image-2115\" style=\"width:411px;height:273px\"\/><\/figure>\n\n\n\n<p>12 feuillets. Papier journal.<\/p>\n\n\n\n<p>En octobre 2013, je me rends pour la quatri\u00e8me fois dans ce pays, de Ky\u00f4to \u00e0 T\u00f4ky\u00f4 en passant par la mer int\u00e9rieure, Hiroshima, Onomichi\u2026 Au retour de ce moment au rythme effr\u00e9n\u00e9, je puise dans les images, les textes et les souvenirs ; un journal sans chronologie se cr\u00e9e, laissant au spectateur la possibilit\u00e9 d\u2019\u00e9crire lui-m\u00eame un bout du voyage.<br><br><a href=\"https:\/\/arnaud-rodriguez.net\/photo\/wp-content\/uploads\/2015\/06\/contrepoints-CMJN-010114-compress.pdf\">T\u00e9l\u00e9charger le journal <\/a>(pdf)<\/p>\n\n\n\n<hr class=\"wp-block-separator has-text-color has-contrast-color has-alpha-channel-opacity has-contrast-background-color has-background is-style-dots\" style=\"margin-top:var(--wp--preset--spacing--30);margin-bottom:var(--wp--preset--spacing--30)\"\/>\n\n\n\n<h2 class=\"wp-block-heading\">A propos<\/h2>\n\n\n\n<p><strong>Exposition du 17 janvier au 2 mars 2014<\/strong><\/p>\n\n\n\n<p>Maison nationale des artistes<br><strong>14, rue Charles VII \u2013 94130 Nogent-sur-Marne<\/strong><\/p>\n\n\n\n<p>Avec l&rsquo;aide de la FNAGP &#8211; Fondation nationale des arts graphiques et plastiques.<br><a rel=\"nofollow noopener\" href=\"http:\/\/mna.fnagp.fr\/\" target=\"_blank\">http:\/\/mna.fnagp.fr\/<\/a><\/p>\n\n\n\n<p>Impression du journal <em>Contrepoints<\/em> : <a title=\"www.newspaperclub.com\" href=\"http:\/\/www.newspaperclub.com\" target=\"_blank\" rel=\"noopener\">www.newspaperclub.com<\/a><strong><br><\/strong><\/p>\n","protected":false},"excerpt":{"rendered":"<p>L\u2019exposition Contrepoints japonais mettait en parall\u00e8le deux projets photographiques distincts. Ce qui les r\u00e9unissait, c\u2019est le voyage. Que retient-on d\u2019un pays qu\u2019on d\u00e9couvre ? Comment saisit-on un pays que l\u2019on retrouve ? L&rsquo;id\u00e9e de contrepoints se retrouvait dans l&rsquo;opposition des deux projets expos\u00e9s. D&rsquo;un c\u00f4t\u00e9 une s\u00e9rie construite, d\u00e9j\u00e0 montr\u00e9e, r\u00e9duite, encadr\u00e9e, sur tirage \u00ab\u00a0de [&hellip;]<\/p>\n","protected":false},"author":2,"featured_media":0,"parent":892,"menu_order":5,"comment_status":"open","ping_status":"closed","template":"","meta":{"_monsterinsights_skip_tracking":false,"_monsterinsights_sitenote_active":false,"_monsterinsights_sitenote_note":"","_monsterinsights_sitenote_category":0,"footnotes":""},"class_list":["post-1782","page","type-page","status-publish","hentry"],"aioseo_notices":[],"_links":{"self":[{"href":"https:\/\/arnaud-rodriguez.net\/photo\/wp-json\/wp\/v2\/pages\/1782","targetHints":{"allow":["GET"]}}],"collection":[{"href":"https:\/\/arnaud-rodriguez.net\/photo\/wp-json\/wp\/v2\/pages"}],"about":[{"href":"https:\/\/arnaud-rodriguez.net\/photo\/wp-json\/wp\/v2\/types\/page"}],"author":[{"embeddable":true,"href":"https:\/\/arnaud-rodriguez.net\/photo\/wp-json\/wp\/v2\/users\/2"}],"replies":[{"embeddable":true,"href":"https:\/\/arnaud-rodriguez.net\/photo\/wp-json\/wp\/v2\/comments?post=1782"}],"version-history":[{"count":7,"href":"https:\/\/arnaud-rodriguez.net\/photo\/wp-json\/wp\/v2\/pages\/1782\/revisions"}],"predecessor-version":[{"id":14700,"href":"https:\/\/arnaud-rodriguez.net\/photo\/wp-json\/wp\/v2\/pages\/1782\/revisions\/14700"}],"up":[{"embeddable":true,"href":"https:\/\/arnaud-rodriguez.net\/photo\/wp-json\/wp\/v2\/pages\/892"}],"wp:attachment":[{"href":"https:\/\/arnaud-rodriguez.net\/photo\/wp-json\/wp\/v2\/media?parent=1782"}],"curies":[{"name":"wp","href":"https:\/\/api.w.org\/{rel}","templated":true}]}}

<p>L’exposition <em>Contrepoints japonais</em> mettait en parallèle deux projets photographiques distincts. Ce qui les réunissait, c’est le voyage. Que retient-on d’un pays qu’on découvre ? Comment saisit-on un pays que l’on retrouve ?</p>



<p>L&rsquo;idée de contrepoints se retrouvait dans l&rsquo;opposition des deux projets exposés. D&rsquo;un côté une série construite, déjà montrée, réduite, encadrée, sur tirage « de qualité ». D&rsquo;un autre côté un ensemble d&rsquo;images beaucoup plus nombreuses, sur un support brut (du papier journal) qui au fil des jours a jauni, s&rsquo;est légèrement déchiré, comme les souvenirs de vacances qui petit à petit s&rsquo;effacent. Les deux espaces d&rsquo;exposition de la Maison nationale des artistes permettaient une séparation.</p>



<figure class="wp-block-image alignright is-resized"><img decoding="async" src="http://www.arnaud-rodriguez.net/photo/wp-content/uploads/2014/01/voussuivre-expo-DSC_6588-430x286.jpg" alt="voussuivre-expo-DSC_6588" class="wp-image-2117" style="aspect-ratio:1.502092050209205;width:412px;height:auto"/></figure>



<h2 class="wp-block-heading">. Vous suivre</h2>



<p>20 tirages Hannemuhle mat.</p>



<p>Lors d’un premier séjour au Japon en 2011, parmi les milliers d’images rapportées, je me suis attaché à celles de passants que j’ai suivis, aux profils qui s’apprêtaient à disparaître. Leur présence éphémère imprègne ces moments d’une pudeur naturelle. Mais cette distance témoigne également d’une retenue, la mienne.</p>



<h2 class="wp-block-heading" id="contrepoints">. Contrepoints</h2>



<figure class="wp-block-image alignright is-resized"><img decoding="async" src="http://www.arnaud-rodriguez.net/photo/wp-content/uploads/2014/01/CP-DSC_5928-430x286.jpg" alt="CP-DSC_5928" class="wp-image-2115" style="width:411px;height:273px"/></figure>



<p>12 feuillets. Papier journal.</p>



<p>En octobre 2013, je me rends pour la quatrième fois dans ce pays, de Kyôto à Tôkyô en passant par la mer intérieure, Hiroshima, Onomichi… Au retour de ce moment au rythme effréné, je puise dans les images, les textes et les souvenirs ; un journal sans chronologie se crée, laissant au spectateur la possibilité d’écrire lui-même un bout du voyage.<br><br><a href="https://arnaud-rodriguez.net/photo/wp-content/uploads/2015/06/contrepoints-CMJN-010114-compress.pdf">Télécharger le journal </a>(pdf)</p>



<hr class="wp-block-separator has-text-color has-contrast-color has-alpha-channel-opacity has-contrast-background-color has-background is-style-dots" style="margin-top:var(--wp--preset--spacing--30);margin-bottom:var(--wp--preset--spacing--30)"/>



<h2 class="wp-block-heading">A propos</h2>



<p><strong>Exposition du 17 janvier au 2 mars 2014</strong></p>



<p>Maison nationale des artistes<br><strong>14, rue Charles VII – 94130 Nogent-sur-Marne</strong></p>



<p>Avec l&rsquo;aide de la FNAGP &#8211; Fondation nationale des arts graphiques et plastiques.<br><a rel="nofollow noopener" href="http://mna.fnagp.fr/" target="_blank">http://mna.fnagp.fr/</a></p>



<p>Impression du journal <em>Contrepoints</em> : <a title="www.newspaperclub.com" href="http://www.newspaperclub.com" target="_blank" rel="noopener">www.newspaperclub.com</a><strong><br></strong></p>

<p>L’exposition Contrepoints japonais mettait en parallèle deux projets photographiques distincts. Ce qui les réunissait, c’est le voyage. Que retient-on d’un pays qu’on découvre ? Comment saisit-on un pays que l’on retrouve ? L&rsquo;idée de contrepoints se retrouvait dans l&rsquo;opposition des deux projets exposés. D&rsquo;un côté une série construite, déjà montrée, réduite, encadrée, sur tirage « de [&hellip;]</p>
