{"id":1903,"date":"2014-08-09T12:24:14","date_gmt":"2014-08-09T10:24:14","guid":{"rendered":"http:\/\/www.avec-un-z.fr\/photo\/?page_id=1903"},"modified":"2025-02-09T16:19:33","modified_gmt":"2025-02-09T15:19:33","slug":"et-si-demain","status":"publish","type":"page","link":"https:\/\/arnaud-rodriguez.net\/photo\/ecrits\/et-si-demain\/","title":{"rendered":"Et si demain"},"content":{"rendered":"<p><a href=\"http:\/\/www.arnaud-rodriguez.net\/photo\/wp-content\/uploads\/2014\/08\/vousSuivre-DSC_8491.jpg\"><img loading=\"lazy\" decoding=\"async\" class=\"alignright wp-image-2122 size-medium\" src=\"http:\/\/www.arnaud-rodriguez.net\/photo\/wp-content\/uploads\/2014\/08\/vousSuivre-DSC_8491-430x286.jpg\" alt=\"vousSuivre-DSC_8491\" width=\"430\" height=\"286\"><\/a>Et si demain vous passiez l\u00e0, de l\u2019autre c\u00f4t\u00e9 de la vitre ; votre geste fragile, votre absence m\u2019emporteraient. Je chercherais alors votre d\u00e9licatesse chez celle qui traverse et votre \u00e9l\u00e9gance chez celle qui s\u2019\u00e9loigne. J\u2019imaginerais votre parfum sur celle qui s\u2019approche et vos soupirs chez celle qui attend. H\u00e9las, petit \u00e0 petit, je conc\u00e8derais que le hasard ne suffit pas. Alors derri\u00e8re cette vitre je vous attendrais, r\u00eavant que ce chemin f\u00fbt une de vos habitudes.<\/p>\n<p>Texte \u00e9crit pour l&rsquo;exposition \u00ab\u00a0Et si demain\u00a0\u00bb<br \/>\nGalerie Jeune Cr\u00e9ation (24 rue Berthe \u2013 Paris 18\u00e8me).<\/p>\n<p><strong>D\u00e9cembre 2011.<\/strong><\/p>\n","protected":false},"excerpt":{"rendered":"<p>Et si demain vous passiez l\u00e0, de l\u2019autre c\u00f4t\u00e9 de la vitre ; votre geste fragile, votre absence m\u2019emporteraient. Je chercherais alors votre d\u00e9licatesse chez celle qui traverse et votre \u00e9l\u00e9gance chez celle qui s\u2019\u00e9loigne. J\u2019imaginerais votre parfum sur celle qui s\u2019approche et vos soupirs chez celle qui attend. H\u00e9las, petit \u00e0 petit, je conc\u00e8derais [&hellip;]<\/p>\n","protected":false},"author":2,"featured_media":0,"parent":1897,"menu_order":0,"comment_status":"open","ping_status":"closed","template":"","meta":{"_monsterinsights_skip_tracking":false,"_monsterinsights_sitenote_active":false,"_monsterinsights_sitenote_note":"","_monsterinsights_sitenote_category":0,"footnotes":""},"class_list":["post-1903","page","type-page","status-publish","hentry"],"aioseo_notices":[],"_links":{"self":[{"href":"https:\/\/arnaud-rodriguez.net\/photo\/wp-json\/wp\/v2\/pages\/1903","targetHints":{"allow":["GET"]}}],"collection":[{"href":"https:\/\/arnaud-rodriguez.net\/photo\/wp-json\/wp\/v2\/pages"}],"about":[{"href":"https:\/\/arnaud-rodriguez.net\/photo\/wp-json\/wp\/v2\/types\/page"}],"author":[{"embeddable":true,"href":"https:\/\/arnaud-rodriguez.net\/photo\/wp-json\/wp\/v2\/users\/2"}],"replies":[{"embeddable":true,"href":"https:\/\/arnaud-rodriguez.net\/photo\/wp-json\/wp\/v2\/comments?post=1903"}],"version-history":[{"count":2,"href":"https:\/\/arnaud-rodriguez.net\/photo\/wp-json\/wp\/v2\/pages\/1903\/revisions"}],"predecessor-version":[{"id":14111,"href":"https:\/\/arnaud-rodriguez.net\/photo\/wp-json\/wp\/v2\/pages\/1903\/revisions\/14111"}],"up":[{"embeddable":true,"href":"https:\/\/arnaud-rodriguez.net\/photo\/wp-json\/wp\/v2\/pages\/1897"}],"wp:attachment":[{"href":"https:\/\/arnaud-rodriguez.net\/photo\/wp-json\/wp\/v2\/media?parent=1903"}],"curies":[{"name":"wp","href":"https:\/\/api.w.org\/{rel}","templated":true}]}}