{"id":4979,"date":"2017-10-09T22:43:08","date_gmt":"2017-10-09T20:43:08","guid":{"rendered":"http:\/\/arnaud-rodriguez.net\/photo\/?page_id=4979"},"modified":"2025-07-22T21:23:24","modified_gmt":"2025-07-22T19:23:24","slug":"arica","status":"publish","type":"page","link":"https:\/\/arnaud-rodriguez.net\/photo\/series\/arica\/","title":{"rendered":"Ce lieu de l&rsquo;absence de nous"},"content":{"rendered":"\n<p>Cette s\u00e9rie a \u00e9t\u00e9 expos\u00e9e<br>&#8211; en ao\u00fbt 2023, dans le cadre des <em>Mercredis photographiques<\/em>, organis\u00e9s par l&rsquo;association \u00ab\u00a0<a href=\"https:\/\/cdanslaboite.com\/\" target=\"_blank\" rel=\"noreferrer noopener\">C dans la bo\u00eete<\/a>\u00ab\u00a0, \u00e0 Bordeaux<br>&#8211; en avril 2025, dans le cadre de Fotozofio, \u00e0 Kyoto<br>&#8211; en juillet 2025, dans le cadre du festival Off, \u00e0 Arles<\/p>\n\n\n\n<hr class=\"wp-block-separator has-alpha-channel-opacity\"\/>\n\n\n\n<p>Le 21 septembre 2017, j\u2019arrive au Chili pour un mois. Parmi les raisons de mon s\u00e9jour, un projet d\u2019\u00e9criture sur mon grand-p\u00e8re paternel, mort avant ma naissance. La derni\u00e8re partie de ce livre s\u2019\u00e9loigne de la r\u00e9alit\u00e9 pour imaginer ce qui se serait pass\u00e9 s\u2019il \u00e9tait parti vivre l\u00e0-bas : je suis donc au Chili pour \u00e9crire cela. <\/p>\n\n\n\n<p>C\u2019est surtout \u00e0 Arica, ville portuaire de 240 000 habitants situ\u00e9e dans la r\u00e9gion la plus aride au monde, que je reste. Cette ville fut, le 30 ao\u00fbt 1939, la premi\u00e8re \u00e9tape du Winnipeg, bateau affr\u00e9t\u00e9 par Pablo Neruda en 1939 pour emmener environ 2200 r\u00e9fugi\u00e9s espagnols. <a rel=\"noreferrer noopener\" href=\"https:\/\/cultura.fundacionneruda.org\/2021\/08\/30\/el-30-de-agosto-de-1939-el-winnipeg-llega-al-puerto-de-arica-al-dia-siguiente-zarpa-a-valparaiso\/\" target=\"_blank\">24 personnes y descendirent<\/a> avant que le Winnipeg repartent vers Valparaiso le lendemain.<\/p>\n\n\n\n<p>L\u2019\u00e9criture se heurte alors \u00e0 cette ville affrontant le d\u00e9sert. La photographie, \u00e0 la crois\u00e9e du souvenir de voyage, du document et de la source d\u2019inspiration pour y puiser des mots, l\u2019emporte.&nbsp;<\/p>\n\n\n\n<p>L\u2019\u00e9criture se heurte aussi \u00e0 la difficult\u00e9 d\u2019imaginer. Je regarde ce pays qui aurait pu \u00eatre le sien, le mien. Alors j\u2019aurais \u00e9t\u00e9 un autre, mais dans les rues je ne me trouve pas. Mon grand-p\u00e8re et moi ne pouvons pas non plus \u00eatre l\u00e0 ensemble : il n\u2019y a pas de <em>nous<\/em>.&nbsp;<\/p>\n\n\n\n<p>\u00c0 mon retour en France, en d\u00e9couvrant l\u2019expression \u00ab Lieu de l\u2019absence de lieu \u00bb que Georges Perec utilise \u00e0 propos d\u2019Ellis Island, Arica devient cette p\u00e9riphrase : <em>ce lieu de l\u2019absence de nous<\/em>.&nbsp;<\/p>\n\n\n\n<p>Cette s\u00e9rie, au-del\u00e0 des paysages de sable, interroge ce que peut \u00eatre la photographie : un lieu de l\u2019absence, ou un lieu n\u00e9 de l\u2019absence.&nbsp;<\/p>\n\n\n\n<figure class=\"wp-block-gallery alignwide has-nested-images columns-2 is-cropped wp-block-gallery-1 is-layout-flex wp-block-gallery-is-layout-flex\">\n<figure class=\"wp-block-image size-large\"><img loading=\"lazy\" decoding=\"async\" width=\"960\" height=\"960\" data-id=\"6429\" src=\"https:\/\/arnaud-rodriguez.net\/photo\/wp-content\/uploads\/2021\/10\/DSC_6259-5-960x960.jpg\" alt=\"\" class=\"wp-image-6429\" srcset=\"https:\/\/arnaud-rodriguez.net\/photo\/wp-content\/uploads\/2021\/10\/DSC_6259-5-960x960.jpg 960w, https:\/\/arnaud-rodriguez.net\/photo\/wp-content\/uploads\/2021\/10\/DSC_6259-5-300x300.jpg 300w, https:\/\/arnaud-rodriguez.net\/photo\/wp-content\/uploads\/2021\/10\/DSC_6259-5-150x150.jpg 150w, https:\/\/arnaud-rodriguez.net\/photo\/wp-content\/uploads\/2021\/10\/DSC_6259-5-768x768.jpg 768w, https:\/\/arnaud-rodriguez.net\/photo\/wp-content\/uploads\/2021\/10\/DSC_6259-5-1536x1536.jpg 1536w, https:\/\/arnaud-rodriguez.net\/photo\/wp-content\/uploads\/2021\/10\/DSC_6259-5-2048x2048.jpg 2048w, https:\/\/arnaud-rodriguez.net\/photo\/wp-content\/uploads\/2021\/10\/DSC_6259-5-624x624.jpg 624w\" sizes=\"auto, (max-width: 960px) 100vw, 960px\" \/><\/figure>\n\n\n\n<figure class=\"wp-block-image size-large\"><img loading=\"lazy\" decoding=\"async\" width=\"960\" height=\"960\" data-id=\"6426\" src=\"https:\/\/arnaud-rodriguez.net\/photo\/wp-content\/uploads\/2021\/10\/arica-DSC_6018-960x960.jpg\" alt=\"\" class=\"wp-image-6426\" srcset=\"https:\/\/arnaud-rodriguez.net\/photo\/wp-content\/uploads\/2021\/10\/arica-DSC_6018-960x960.jpg 960w, https:\/\/arnaud-rodriguez.net\/photo\/wp-content\/uploads\/2021\/10\/arica-DSC_6018-300x300.jpg 300w, https:\/\/arnaud-rodriguez.net\/photo\/wp-content\/uploads\/2021\/10\/arica-DSC_6018-150x150.jpg 150w, https:\/\/arnaud-rodriguez.net\/photo\/wp-content\/uploads\/2021\/10\/arica-DSC_6018-768x768.jpg 768w, https:\/\/arnaud-rodriguez.net\/photo\/wp-content\/uploads\/2021\/10\/arica-DSC_6018-624x624.jpg 624w, https:\/\/arnaud-rodriguez.net\/photo\/wp-content\/uploads\/2021\/10\/arica-DSC_6018.jpg 1200w\" sizes=\"auto, (max-width: 960px) 100vw, 960px\" \/><\/figure>\n<\/figure>\n","protected":false},"excerpt":{"rendered":"<p>Cette s\u00e9rie a \u00e9t\u00e9 expos\u00e9e&#8211; en ao\u00fbt 2023, dans le cadre des Mercredis photographiques, organis\u00e9s par l&rsquo;association \u00ab\u00a0C dans la bo\u00eete\u00ab\u00a0, \u00e0 Bordeaux&#8211; en avril 2025, dans le cadre de Fotozofio, \u00e0 Kyoto&#8211; en juillet 2025, dans le cadre du festival Off, \u00e0 Arles Le 21 septembre 2017, j\u2019arrive au Chili pour un mois. Parmi [&hellip;]<\/p>\n","protected":false},"author":2,"featured_media":0,"parent":1245,"menu_order":0,"comment_status":"closed","ping_status":"closed","template":"","meta":{"_monsterinsights_skip_tracking":false,"_monsterinsights_sitenote_active":false,"_monsterinsights_sitenote_note":"","_monsterinsights_sitenote_category":0,"footnotes":""},"class_list":["post-4979","page","type-page","status-publish","hentry"],"aioseo_notices":[],"_links":{"self":[{"href":"https:\/\/arnaud-rodriguez.net\/photo\/wp-json\/wp\/v2\/pages\/4979","targetHints":{"allow":["GET"]}}],"collection":[{"href":"https:\/\/arnaud-rodriguez.net\/photo\/wp-json\/wp\/v2\/pages"}],"about":[{"href":"https:\/\/arnaud-rodriguez.net\/photo\/wp-json\/wp\/v2\/types\/page"}],"author":[{"embeddable":true,"href":"https:\/\/arnaud-rodriguez.net\/photo\/wp-json\/wp\/v2\/users\/2"}],"replies":[{"embeddable":true,"href":"https:\/\/arnaud-rodriguez.net\/photo\/wp-json\/wp\/v2\/comments?post=4979"}],"version-history":[{"count":29,"href":"https:\/\/arnaud-rodriguez.net\/photo\/wp-json\/wp\/v2\/pages\/4979\/revisions"}],"predecessor-version":[{"id":14657,"href":"https:\/\/arnaud-rodriguez.net\/photo\/wp-json\/wp\/v2\/pages\/4979\/revisions\/14657"}],"up":[{"embeddable":true,"href":"https:\/\/arnaud-rodriguez.net\/photo\/wp-json\/wp\/v2\/pages\/1245"}],"wp:attachment":[{"href":"https:\/\/arnaud-rodriguez.net\/photo\/wp-json\/wp\/v2\/media?parent=4979"}],"curies":[{"name":"wp","href":"https:\/\/api.w.org\/{rel}","templated":true}]}}

<p>Cette série a été exposée<br>&#8211; en août 2023, dans le cadre des <em>Mercredis photographiques</em>, organisés par l&rsquo;association « <a href="https://cdanslaboite.com/" target="_blank" rel="noreferrer noopener">C dans la boîte</a>« , à Bordeaux<br>&#8211; en avril 2025, dans le cadre de Fotozofio, à Kyoto<br>&#8211; en juillet 2025, dans le cadre du festival Off, à Arles</p>



<hr class="wp-block-separator has-alpha-channel-opacity"/>



<p>Le 21 septembre 2017, j’arrive au Chili pour un mois. Parmi les raisons de mon séjour, un projet d’écriture sur mon grand-père paternel, mort avant ma naissance. La dernière partie de ce livre s’éloigne de la réalité pour imaginer ce qui se serait passé s’il était parti vivre là-bas : je suis donc au Chili pour écrire cela. </p>



<p>C’est surtout à Arica, ville portuaire de 240 000 habitants située dans la région la plus aride au monde, que je reste. Cette ville fut, le 30 août 1939, la première étape du Winnipeg, bateau affrété par Pablo Neruda en 1939 pour emmener environ 2200 réfugiés espagnols. <a rel="noreferrer noopener" href="https://cultura.fundacionneruda.org/2021/08/30/el-30-de-agosto-de-1939-el-winnipeg-llega-al-puerto-de-arica-al-dia-siguiente-zarpa-a-valparaiso/" target="_blank">24 personnes y descendirent</a> avant que le Winnipeg repartent vers Valparaiso le lendemain.</p>



<p>L’écriture se heurte alors à cette ville affrontant le désert. La photographie, à la croisée du souvenir de voyage, du document et de la source d’inspiration pour y puiser des mots, l’emporte.&nbsp;</p>



<p>L’écriture se heurte aussi à la difficulté d’imaginer. Je regarde ce pays qui aurait pu être le sien, le mien. Alors j’aurais été un autre, mais dans les rues je ne me trouve pas. Mon grand-père et moi ne pouvons pas non plus être là ensemble : il n’y a pas de <em>nous</em>.&nbsp;</p>



<p>À mon retour en France, en découvrant l’expression « Lieu de l’absence de lieu » que Georges Perec utilise à propos d’Ellis Island, Arica devient cette périphrase : <em>ce lieu de l’absence de nous</em>.&nbsp;</p>



<p>Cette série, au-delà des paysages de sable, interroge ce que peut être la photographie : un lieu de l’absence, ou un lieu né de l’absence.&nbsp;</p>



<figure class="wp-block-gallery alignwide has-nested-images columns-2 is-cropped wp-block-gallery-1 is-layout-flex wp-block-gallery-is-layout-flex">
<figure class="wp-block-image size-large"><img loading="lazy" decoding="async" width="960" height="960" data-id="6429" src="https://arnaud-rodriguez.net/photo/wp-content/uploads/2021/10/DSC_6259-5-960x960.jpg" alt="" class="wp-image-6429" srcset="https://arnaud-rodriguez.net/photo/wp-content/uploads/2021/10/DSC_6259-5-960x960.jpg 960w, https://arnaud-rodriguez.net/photo/wp-content/uploads/2021/10/DSC_6259-5-300x300.jpg 300w, https://arnaud-rodriguez.net/photo/wp-content/uploads/2021/10/DSC_6259-5-150x150.jpg 150w, https://arnaud-rodriguez.net/photo/wp-content/uploads/2021/10/DSC_6259-5-768x768.jpg 768w, https://arnaud-rodriguez.net/photo/wp-content/uploads/2021/10/DSC_6259-5-1536x1536.jpg 1536w, https://arnaud-rodriguez.net/photo/wp-content/uploads/2021/10/DSC_6259-5-2048x2048.jpg 2048w, https://arnaud-rodriguez.net/photo/wp-content/uploads/2021/10/DSC_6259-5-624x624.jpg 624w" sizes="auto, (max-width: 960px) 100vw, 960px" /></figure>



<figure class="wp-block-image size-large"><img loading="lazy" decoding="async" width="960" height="960" data-id="6426" src="https://arnaud-rodriguez.net/photo/wp-content/uploads/2021/10/arica-DSC_6018-960x960.jpg" alt="" class="wp-image-6426" srcset="https://arnaud-rodriguez.net/photo/wp-content/uploads/2021/10/arica-DSC_6018-960x960.jpg 960w, https://arnaud-rodriguez.net/photo/wp-content/uploads/2021/10/arica-DSC_6018-300x300.jpg 300w, https://arnaud-rodriguez.net/photo/wp-content/uploads/2021/10/arica-DSC_6018-150x150.jpg 150w, https://arnaud-rodriguez.net/photo/wp-content/uploads/2021/10/arica-DSC_6018-768x768.jpg 768w, https://arnaud-rodriguez.net/photo/wp-content/uploads/2021/10/arica-DSC_6018-624x624.jpg 624w, https://arnaud-rodriguez.net/photo/wp-content/uploads/2021/10/arica-DSC_6018.jpg 1200w" sizes="auto, (max-width: 960px) 100vw, 960px" /></figure>
</figure>

<p>Cette série a été exposée&#8211; en août 2023, dans le cadre des Mercredis photographiques, organisés par l&rsquo;association « C dans la boîte« , à Bordeaux&#8211; en avril 2025, dans le cadre de Fotozofio, à Kyoto&#8211; en juillet 2025, dans le cadre du festival Off, à Arles Le 21 septembre 2017, j’arrive au Chili pour un mois. Parmi [&hellip;]</p>
