{"id":6053,"date":"2019-04-07T14:04:56","date_gmt":"2019-04-07T12:04:56","guid":{"rendered":"http:\/\/arnaud-rodriguez.net\/photo\/?page_id=6053"},"modified":"2025-10-17T23:17:25","modified_gmt":"2025-10-17T21:17:25","slug":"publications","status":"publish","type":"page","link":"https:\/\/arnaud-rodriguez.net\/photo\/publications\/","title":{"rendered":"Publications"},"content":{"rendered":"\n<p><a href=\"https:\/\/arnaud-rodriguez.net\/photo\/wp-content\/uploads\/2025\/10\/arnaud-rodriguez-book-complet-octobre2025.pdf\" target=\"_blank\" rel=\"noopener\" title=\"\">T\u00e9l\u00e9charger mon portfolio (pdf)<\/a><\/p>\n\n\n\n<h3 class=\"wp-block-heading\">Participation \u00e0 des ouvrages<\/h3>\n\n\n\n<ul class=\"wp-block-list\">\n<li><em><a href=\"https:\/\/www.lespressesdureel.com\/sommaire.php?id=7210&amp;menu=\">Anthologies Aire de jeux au Japon<\/a><\/em> : S\u00e9rie \u00ab\u00a0Jeux d&rsquo;enfants\u00a0\u00bb &#8211; 2019<\/li>\n<\/ul>\n\n\n\n<p><strong>Certaines de mes photographies sont \u00e9galement dans :<\/strong><\/p>\n\n\n\n<ul class=\"wp-block-list\">\n<li>72 saisons \u00e0 la Villa Kujoyama, 2023<\/li>\n\n\n\n<li>Les 20 ans de <em><a rel=\"noreferrer noopener\" href=\"https:\/\/www.pointligneplan.com\/\" target=\"_blank\">pointligneplan<\/a><\/em>, 2018<\/li>\n\n\n\n<li><em>Villa Kujoyama<\/em> &#8211; 25 ans, 2017<\/li>\n\n\n\n<li>Catalogue de l\u2019exposition \u00ab Onomichi Rendez-vous \u00bb, 2016<\/li>\n\n\n\n<li>L&rsquo;h\u00f4tel Mezzara, \u00e9ditions du Cercle Guimard<\/li>\n<\/ul>\n\n\n\n<h3 class=\"wp-block-heading\">Publications personnelles<\/h3>\n\n\n\n<ul class=\"wp-block-list\">\n<li><em>Je me souviendrai <\/em>&#8211; r\u00e9alis\u00e9 \u00e0 l&rsquo;occasion de l&rsquo;atelier \u00ab\u00a0Je me souviendai\u00a0\u00bb \u00e0 la cit\u00e9 scolaire de Nontron &#8211; 2018<\/li>\n\n\n\n<li><a href=\"https:\/\/arnaud-rodriguez.net\/photo\/fr\/works\/every-day\/\"><em>Every Day <\/em><\/a>&#8211; r\u00e9alis\u00e9 \u00e0 l&rsquo;occasion de l&rsquo;exposition \u00ab\u00a0Every Day\u00a0\u00bb 2016<\/li>\n\n\n\n<li><a href=\"https:\/\/arnaud-rodriguez.net\/photo\/fr\/publications\/contrepoints\/\"><em>Contrepoints<\/em><\/a> &#8211; r\u00e9alis\u00e9 \u00e0 l&rsquo;occasion de l&rsquo;exposition \u00ab\u00a0Contrepoints japonais\u00a0\u00bb &#8211; 2012<\/li>\n<\/ul>\n\n\n\n<h3 class=\"wp-block-heading\">Dans la presse<\/h3>\n\n\n\n<ul class=\"wp-block-list\">\n<li>Revue <em>Immersion<\/em> : illustration d&rsquo;un article de Pierre Lovari sur les aires de jeux japonaises.<\/li>\n<\/ul>\n\n\n\n<ul class=\"wp-block-list\">\n<li><em>Photos institutionnelles : <\/em>Les Inrockuptibles, <a rel=\"noopener noreferrer\" href=\"http:\/\/www.theguardian.com\/artanddesign\/2014\/nov\/07\/france-japan-villa-kujoyama-art-kyoto#img-2\" target=\"_blank\">The Guardian<\/a>, <a rel=\"noopener noreferrer\" href=\"http:\/\/www.lequotidiendelart.com\/quotidien_articles_detail.php?idarticle=6377\" target=\"_blank\">Le Quotidien de l\u2019Art<\/a>, Emergence, Air France magazine, L\u2019Express Styles, Regard Bouddhiste, Kyoto journal, Elle Japon, Le Magazine<em> <\/em>de Nogent-sur-Marne<em>\u2026<\/em><\/li>\n<\/ul>\n","protected":false},"excerpt":{"rendered":"<p>T\u00e9l\u00e9charger mon portfolio (pdf) Participation \u00e0 des ouvrages Certaines de mes photographies sont \u00e9galement dans : Publications personnelles Dans la presse<\/p>\n","protected":false},"author":2,"featured_media":0,"parent":0,"menu_order":0,"comment_status":"closed","ping_status":"closed","template":"","meta":{"_monsterinsights_skip_tracking":false,"_monsterinsights_sitenote_active":false,"_monsterinsights_sitenote_note":"","_monsterinsights_sitenote_category":0,"footnotes":""},"class_list":["post-6053","page","type-page","status-publish","hentry"],"aioseo_notices":[],"_links":{"self":[{"href":"https:\/\/arnaud-rodriguez.net\/photo\/wp-json\/wp\/v2\/pages\/6053","targetHints":{"allow":["GET"]}}],"collection":[{"href":"https:\/\/arnaud-rodriguez.net\/photo\/wp-json\/wp\/v2\/pages"}],"about":[{"href":"https:\/\/arnaud-rodriguez.net\/photo\/wp-json\/wp\/v2\/types\/page"}],"author":[{"embeddable":true,"href":"https:\/\/arnaud-rodriguez.net\/photo\/wp-json\/wp\/v2\/users\/2"}],"replies":[{"embeddable":true,"href":"https:\/\/arnaud-rodriguez.net\/photo\/wp-json\/wp\/v2\/comments?post=6053"}],"version-history":[{"count":24,"href":"https:\/\/arnaud-rodriguez.net\/photo\/wp-json\/wp\/v2\/pages\/6053\/revisions"}],"predecessor-version":[{"id":14712,"href":"https:\/\/arnaud-rodriguez.net\/photo\/wp-json\/wp\/v2\/pages\/6053\/revisions\/14712"}],"wp:attachment":[{"href":"https:\/\/arnaud-rodriguez.net\/photo\/wp-json\/wp\/v2\/media?parent=6053"}],"curies":[{"name":"wp","href":"https:\/\/api.w.org\/{rel}","templated":true}]}}

<p><a href="https://arnaud-rodriguez.net/photo/wp-content/uploads/2025/10/arnaud-rodriguez-book-complet-octobre2025.pdf" target="_blank" rel="noopener" title="">Télécharger mon portfolio (pdf)</a></p>



<h3 class="wp-block-heading">Participation à des ouvrages</h3>



<ul class="wp-block-list">
<li><em><a href="https://www.lespressesdureel.com/sommaire.php?id=7210&amp;menu=">Anthologies Aire de jeux au Japon</a></em> : Série « Jeux d&rsquo;enfants » &#8211; 2019</li>
</ul>



<p><strong>Certaines de mes photographies sont également dans :</strong></p>



<ul class="wp-block-list">
<li>72 saisons à la Villa Kujoyama, 2023</li>



<li>Les 20 ans de <em><a rel="noreferrer noopener" href="https://www.pointligneplan.com/" target="_blank">pointligneplan</a></em>, 2018</li>



<li><em>Villa Kujoyama</em> &#8211; 25 ans, 2017</li>



<li>Catalogue de l’exposition « Onomichi Rendez-vous », 2016</li>



<li>L&rsquo;hôtel Mezzara, éditions du Cercle Guimard</li>
</ul>



<h3 class="wp-block-heading">Publications personnelles</h3>



<ul class="wp-block-list">
<li><em>Je me souviendrai </em>&#8211; réalisé à l&rsquo;occasion de l&rsquo;atelier « Je me souviendai » à la cité scolaire de Nontron &#8211; 2018</li>



<li><a href="https://arnaud-rodriguez.net/photo/fr/works/every-day/"><em>Every Day </em></a>&#8211; réalisé à l&rsquo;occasion de l&rsquo;exposition « Every Day » 2016</li>



<li><a href="https://arnaud-rodriguez.net/photo/fr/publications/contrepoints/"><em>Contrepoints</em></a> &#8211; réalisé à l&rsquo;occasion de l&rsquo;exposition « Contrepoints japonais » &#8211; 2012</li>
</ul>



<h3 class="wp-block-heading">Dans la presse</h3>



<ul class="wp-block-list">
<li>Revue <em>Immersion</em> : illustration d&rsquo;un article de Pierre Lovari sur les aires de jeux japonaises.</li>
</ul>



<ul class="wp-block-list">
<li><em>Photos institutionnelles : </em>Les Inrockuptibles, <a rel="noopener noreferrer" href="http://www.theguardian.com/artanddesign/2014/nov/07/france-japan-villa-kujoyama-art-kyoto#img-2" target="_blank">The Guardian</a>, <a rel="noopener noreferrer" href="http://www.lequotidiendelart.com/quotidien_articles_detail.php?idarticle=6377" target="_blank">Le Quotidien de l’Art</a>, Emergence, Air France magazine, L’Express Styles, Regard Bouddhiste, Kyoto journal, Elle Japon, Le Magazine<em> </em>de Nogent-sur-Marne<em>…</em></li>
</ul>

<p>Télécharger mon portfolio (pdf) Participation à des ouvrages Certaines de mes photographies sont également dans : Publications personnelles Dans la presse</p>
