{"id":6099,"date":"2019-04-07T23:08:15","date_gmt":"2019-04-07T21:08:15","guid":{"rendered":"http:\/\/arnaud-rodriguez.net\/photo\/?page_id=6099"},"modified":"2022-11-14T20:16:36","modified_gmt":"2022-11-14T19:16:36","slug":"echoues","status":"publish","type":"page","link":"https:\/\/arnaud-rodriguez.net\/photo\/series\/echoues\/","title":{"rendered":"Jusqu&rsquo;au rien"},"content":{"rendered":"\n<p>\u00ab\u00a0<em>C\u2019est \u00e0 Trouville que j\u2019ai regard\u00e9 la mer jusqu\u2019au rien.<\/em>\u00ab\u00a0<br>Marguerite Duras ; <em>\u00c9crire<\/em>.<\/p>\n\n\n\n<p>D\u00e9cembre 2018. Je pars une semaine sur l&rsquo;\u00eele de Lamu, sur la c\u00f4t\u00e9 du Kenya. J&rsquo;y pars accompagn\u00e9 de celui que j&rsquo;ai aim\u00e9, c&rsquo;est \u00e0 dire aupr\u00e8s de qui j&rsquo;ai aim\u00e9 \u00eatre, et que j&rsquo;aime encore malgr\u00e9 tout, c&rsquo;est-\u00e0-dire malgr\u00e9 le jour d&rsquo;octobre marqu\u00e9 du mot fin. Nos corps et nos folies venaient de subir ma passion pour des yeux noirs venant de l\u00e0-bas, de l&rsquo;autre c\u00f4t\u00e9 de cet oc\u00e9an. Mais aupr\u00e8s de lui toujours j&rsquo;aime \u00eatre alors.<br>Balay\u00e9s par la temp\u00eate, nos corps sont \u00e0 pr\u00e9sent \u00e9chou\u00e9s mais adoucis, troncs apr\u00e8s les vagues. Et au-del\u00e0 de nous je regarde la mer.<\/p>\n\n\n\n<p><em><strong>S\u00e9rie de 6 photographies<\/strong><\/em><\/p>\n\n\n\n<figure class=\"wp-block-gallery has-nested-images columns-default is-cropped wp-block-gallery-1 is-layout-flex wp-block-gallery-is-layout-flex\">\n<figure class=\"wp-block-image size-large\"><img loading=\"lazy\" decoding=\"async\" width=\"960\" height=\"640\" data-id=\"6103\" src=\"https:\/\/arnaud-rodriguez.net\/photo\/wp-content\/uploads\/2019\/04\/DSC_9092-3-960x640.jpg\" alt=\"\" class=\"wp-image-6103\" srcset=\"https:\/\/arnaud-rodriguez.net\/photo\/wp-content\/uploads\/2019\/04\/DSC_9092-3-960x640.jpg 960w, https:\/\/arnaud-rodriguez.net\/photo\/wp-content\/uploads\/2019\/04\/DSC_9092-3-300x200.jpg 300w, https:\/\/arnaud-rodriguez.net\/photo\/wp-content\/uploads\/2019\/04\/DSC_9092-3-768x512.jpg 768w, https:\/\/arnaud-rodriguez.net\/photo\/wp-content\/uploads\/2019\/04\/DSC_9092-3-624x416.jpg 624w, https:\/\/arnaud-rodriguez.net\/photo\/wp-content\/uploads\/2019\/04\/DSC_9092-3.jpg 1800w\" sizes=\"auto, (max-width: 960px) 100vw, 960px\" \/><\/figure>\n\n\n\n<figure class=\"wp-block-image size-large\"><img loading=\"lazy\" decoding=\"async\" width=\"960\" height=\"639\" data-id=\"6100\" src=\"https:\/\/arnaud-rodriguez.net\/photo\/wp-content\/uploads\/2019\/04\/DSC_9130-3-960x639.jpg\" alt=\"\" class=\"wp-image-6100\" srcset=\"https:\/\/arnaud-rodriguez.net\/photo\/wp-content\/uploads\/2019\/04\/DSC_9130-3-960x639.jpg 960w, https:\/\/arnaud-rodriguez.net\/photo\/wp-content\/uploads\/2019\/04\/DSC_9130-3-300x200.jpg 300w, https:\/\/arnaud-rodriguez.net\/photo\/wp-content\/uploads\/2019\/04\/DSC_9130-3-768x511.jpg 768w, https:\/\/arnaud-rodriguez.net\/photo\/wp-content\/uploads\/2019\/04\/DSC_9130-3-624x415.jpg 624w\" sizes=\"auto, (max-width: 960px) 100vw, 960px\" \/><\/figure>\n\n\n\n<figure class=\"wp-block-image size-large\"><img loading=\"lazy\" decoding=\"async\" width=\"960\" height=\"639\" data-id=\"6069\" src=\"https:\/\/arnaud-rodriguez.net\/photo\/wp-content\/uploads\/2019\/04\/DSC_9116-3-960x639.jpg\" alt=\"\" class=\"wp-image-6069\" srcset=\"https:\/\/arnaud-rodriguez.net\/photo\/wp-content\/uploads\/2019\/04\/DSC_9116-3-960x639.jpg 960w, https:\/\/arnaud-rodriguez.net\/photo\/wp-content\/uploads\/2019\/04\/DSC_9116-3-300x200.jpg 300w, https:\/\/arnaud-rodriguez.net\/photo\/wp-content\/uploads\/2019\/04\/DSC_9116-3-768x511.jpg 768w, https:\/\/arnaud-rodriguez.net\/photo\/wp-content\/uploads\/2019\/04\/DSC_9116-3-624x415.jpg 624w\" sizes=\"auto, (max-width: 960px) 100vw, 960px\" \/><\/figure>\n<\/figure>\n","protected":false},"excerpt":{"rendered":"<p>\u00ab\u00a0C\u2019est \u00e0 Trouville que j\u2019ai regard\u00e9 la mer jusqu\u2019au rien.\u00ab\u00a0Marguerite Duras ; \u00c9crire. D\u00e9cembre 2018. Je pars une semaine sur l&rsquo;\u00eele de Lamu, sur la c\u00f4t\u00e9 du Kenya. J&rsquo;y pars accompagn\u00e9 de celui que j&rsquo;ai aim\u00e9, c&rsquo;est \u00e0 dire aupr\u00e8s de qui j&rsquo;ai aim\u00e9 \u00eatre, et que j&rsquo;aime encore malgr\u00e9 tout, c&rsquo;est-\u00e0-dire malgr\u00e9 le jour [&hellip;]<\/p>\n","protected":false},"author":2,"featured_media":0,"parent":1245,"menu_order":0,"comment_status":"closed","ping_status":"closed","template":"","meta":{"_monsterinsights_skip_tracking":false,"_monsterinsights_sitenote_active":false,"_monsterinsights_sitenote_note":"","_monsterinsights_sitenote_category":0,"footnotes":""},"class_list":["post-6099","page","type-page","status-publish","hentry"],"aioseo_notices":[],"_links":{"self":[{"href":"https:\/\/arnaud-rodriguez.net\/photo\/wp-json\/wp\/v2\/pages\/6099","targetHints":{"allow":["GET"]}}],"collection":[{"href":"https:\/\/arnaud-rodriguez.net\/photo\/wp-json\/wp\/v2\/pages"}],"about":[{"href":"https:\/\/arnaud-rodriguez.net\/photo\/wp-json\/wp\/v2\/types\/page"}],"author":[{"embeddable":true,"href":"https:\/\/arnaud-rodriguez.net\/photo\/wp-json\/wp\/v2\/users\/2"}],"replies":[{"embeddable":true,"href":"https:\/\/arnaud-rodriguez.net\/photo\/wp-json\/wp\/v2\/comments?post=6099"}],"version-history":[{"count":7,"href":"https:\/\/arnaud-rodriguez.net\/photo\/wp-json\/wp\/v2\/pages\/6099\/revisions"}],"predecessor-version":[{"id":6580,"href":"https:\/\/arnaud-rodriguez.net\/photo\/wp-json\/wp\/v2\/pages\/6099\/revisions\/6580"}],"up":[{"embeddable":true,"href":"https:\/\/arnaud-rodriguez.net\/photo\/wp-json\/wp\/v2\/pages\/1245"}],"wp:attachment":[{"href":"https:\/\/arnaud-rodriguez.net\/photo\/wp-json\/wp\/v2\/media?parent=6099"}],"curies":[{"name":"wp","href":"https:\/\/api.w.org\/{rel}","templated":true}]}}

<p>« <em>C’est à Trouville que j’ai regardé la mer jusqu’au rien.</em>« <br>Marguerite Duras ; <em>Écrire</em>.</p>



<p>Décembre 2018. Je pars une semaine sur l&rsquo;île de Lamu, sur la côté du Kenya. J&rsquo;y pars accompagné de celui que j&rsquo;ai aimé, c&rsquo;est à dire auprès de qui j&rsquo;ai aimé être, et que j&rsquo;aime encore malgré tout, c&rsquo;est-à-dire malgré le jour d&rsquo;octobre marqué du mot fin. Nos corps et nos folies venaient de subir ma passion pour des yeux noirs venant de là-bas, de l&rsquo;autre côté de cet océan. Mais auprès de lui toujours j&rsquo;aime être alors.<br>Balayés par la tempête, nos corps sont à présent échoués mais adoucis, troncs après les vagues. Et au-delà de nous je regarde la mer.</p>



<p><em><strong>Série de 6 photographies</strong></em></p>



<figure class="wp-block-gallery has-nested-images columns-default is-cropped wp-block-gallery-1 is-layout-flex wp-block-gallery-is-layout-flex">
<figure class="wp-block-image size-large"><img loading="lazy" decoding="async" width="960" height="640" data-id="6103" src="https://arnaud-rodriguez.net/photo/wp-content/uploads/2019/04/DSC_9092-3-960x640.jpg" alt="" class="wp-image-6103" srcset="https://arnaud-rodriguez.net/photo/wp-content/uploads/2019/04/DSC_9092-3-960x640.jpg 960w, https://arnaud-rodriguez.net/photo/wp-content/uploads/2019/04/DSC_9092-3-300x200.jpg 300w, https://arnaud-rodriguez.net/photo/wp-content/uploads/2019/04/DSC_9092-3-768x512.jpg 768w, https://arnaud-rodriguez.net/photo/wp-content/uploads/2019/04/DSC_9092-3-624x416.jpg 624w, https://arnaud-rodriguez.net/photo/wp-content/uploads/2019/04/DSC_9092-3.jpg 1800w" sizes="auto, (max-width: 960px) 100vw, 960px" /></figure>



<figure class="wp-block-image size-large"><img loading="lazy" decoding="async" width="960" height="639" data-id="6100" src="https://arnaud-rodriguez.net/photo/wp-content/uploads/2019/04/DSC_9130-3-960x639.jpg" alt="" class="wp-image-6100" srcset="https://arnaud-rodriguez.net/photo/wp-content/uploads/2019/04/DSC_9130-3-960x639.jpg 960w, https://arnaud-rodriguez.net/photo/wp-content/uploads/2019/04/DSC_9130-3-300x200.jpg 300w, https://arnaud-rodriguez.net/photo/wp-content/uploads/2019/04/DSC_9130-3-768x511.jpg 768w, https://arnaud-rodriguez.net/photo/wp-content/uploads/2019/04/DSC_9130-3-624x415.jpg 624w" sizes="auto, (max-width: 960px) 100vw, 960px" /></figure>



<figure class="wp-block-image size-large"><img loading="lazy" decoding="async" width="960" height="639" data-id="6069" src="https://arnaud-rodriguez.net/photo/wp-content/uploads/2019/04/DSC_9116-3-960x639.jpg" alt="" class="wp-image-6069" srcset="https://arnaud-rodriguez.net/photo/wp-content/uploads/2019/04/DSC_9116-3-960x639.jpg 960w, https://arnaud-rodriguez.net/photo/wp-content/uploads/2019/04/DSC_9116-3-300x200.jpg 300w, https://arnaud-rodriguez.net/photo/wp-content/uploads/2019/04/DSC_9116-3-768x511.jpg 768w, https://arnaud-rodriguez.net/photo/wp-content/uploads/2019/04/DSC_9116-3-624x415.jpg 624w" sizes="auto, (max-width: 960px) 100vw, 960px" /></figure>
</figure>

<p>« C’est à Trouville que j’ai regardé la mer jusqu’au rien.« Marguerite Duras ; Écrire. Décembre 2018. Je pars une semaine sur l&rsquo;île de Lamu, sur la côté du Kenya. J&rsquo;y pars accompagné de celui que j&rsquo;ai aimé, c&rsquo;est à dire auprès de qui j&rsquo;ai aimé être, et que j&rsquo;aime encore malgré tout, c&rsquo;est-à-dire malgré le jour [&hellip;]</p>
