{"id":6681,"date":"2022-11-14T20:19:16","date_gmt":"2022-11-14T19:19:16","guid":{"rendered":"http:\/\/arnaud-rodriguez.net\/photo\/?page_id=6681"},"modified":"2024-05-01T10:28:00","modified_gmt":"2024-05-01T08:28:00","slug":"dire-le-japon","status":"publish","type":"page","link":"https:\/\/arnaud-rodriguez.net\/photo\/series\/dire-le-japon\/","title":{"rendered":"Dire le Japon"},"content":{"rendered":"\n<p><strong>Performance litt\u00e9raire et photographique<\/strong><\/p>\n\n\n\n<p><em>Donn\u00e9e en mars 2022 \u00e0 Bordeaux, cette performance peut \u00eatre r\u00e9alis\u00e9e par exemple en biblioth\u00e8que ou librairie.<\/em><\/p>\n\n\n\n<figure class=\"wp-block-image alignright size-full is-resized\"><img loading=\"lazy\" decoding=\"async\" src=\"https:\/\/arnaud-rodriguez.net\/photo\/wp-content\/uploads\/2018\/01\/DSC_6037.jpg\" alt=\"\" class=\"wp-image-5546\" width=\"240\" height=\"160\" srcset=\"https:\/\/arnaud-rodriguez.net\/photo\/wp-content\/uploads\/2018\/01\/DSC_6037.jpg 960w, https:\/\/arnaud-rodriguez.net\/photo\/wp-content\/uploads\/2018\/01\/DSC_6037-300x200.jpg 300w, https:\/\/arnaud-rodriguez.net\/photo\/wp-content\/uploads\/2018\/01\/DSC_6037-768x512.jpg 768w, https:\/\/arnaud-rodriguez.net\/photo\/wp-content\/uploads\/2018\/01\/DSC_6037-624x416.jpg 624w\" sizes=\"auto, (max-width: 240px) 100vw, 240px\" \/><figcaption class=\"wp-element-caption\">Tokyo, d\u00e9cembre 2016<\/figcaption><\/figure>\n\n\n\n<p>Comment dire le Japon ? J&rsquo;y \u00e9voque ce pays, d\u2019une part \u00e0 travers mes photographies, et comment elles ont \u00e9volu\u00e9 entre 2011 et 2017 et d\u2019autre part avec les mots, les miens et ceux des autres.<\/p>\n\n\n\n<p>Ce parcours litt\u00e9raire et imag\u00e9 est un t\u00e9moignage, celui de quelqu\u2019un qui a v\u00e9cu au Japon. C\u2019est un regard, celui d\u2019un photographe. C\u2019est un chemin, celui d\u2019un amoureux des livres et des mots. Ainsi l\u2019on cherchera \u00e0 percevoir ce pays, entre r\u00eaverie et r\u00e9alit\u00e9.<\/p>\n\n\n\n<p>Avec les mots de&nbsp;: Olivier Adam, Corinne Atlan, Roland Barthes, Augustin Berque, Nicolas Bouvier, Peter Brook, Richard Collasse, \u00c9tienne de Cr\u00e9cy, Vincent Eggericx, Eric Faye, Mickael Ferrier, Hideo Furugawa, Christian Garcin, Chris Marker, Henri Michaux, Haruki Murakami, Yoko Ogawa, Emmanuelle Riva, Arnaud Rodriguez, Sei Shonagon, Junichiro Tanizaki, Yoko Tawada.<\/p>\n\n\n\n<p>Dur\u00e9e&nbsp;: 45 minutes (50 minutes avec un extrait du film <em>Dans la m\u00e9moire des morts<\/em>&nbsp;de Christian Merlhiot)<\/p>\n\n\n\n<hr class=\"wp-block-separator has-text-color has-vivid-red-color has-alpha-channel-opacity has-vivid-red-background-color has-background is-style-dots\"\/>\n\n\n\n<p>Une premi\u00e8re version, <em>La Lumi\u00e8re au Japon<\/em>, a \u00e9t\u00e9 donn\u00e9e en novembre 2015 dans le cadre du festival FACTS de l&rsquo;universit\u00e9 de Bordeaux. <\/p>\n","protected":false},"excerpt":{"rendered":"<p>Performance litt\u00e9raire et photographique Donn\u00e9e en mars 2022 \u00e0 Bordeaux, cette performance peut \u00eatre r\u00e9alis\u00e9e par exemple en biblioth\u00e8que ou librairie. Comment dire le Japon ? J&rsquo;y \u00e9voque ce pays, d\u2019une part \u00e0 travers mes photographies, et comment elles ont \u00e9volu\u00e9 entre 2011 et 2017 et d\u2019autre part avec les mots, les miens et ceux [&hellip;]<\/p>\n","protected":false},"author":2,"featured_media":0,"parent":1245,"menu_order":0,"comment_status":"closed","ping_status":"closed","template":"","meta":{"_monsterinsights_skip_tracking":false,"_monsterinsights_sitenote_active":false,"_monsterinsights_sitenote_note":"","_monsterinsights_sitenote_category":0,"footnotes":""},"class_list":["post-6681","page","type-page","status-publish","hentry"],"aioseo_notices":[],"_links":{"self":[{"href":"https:\/\/arnaud-rodriguez.net\/photo\/wp-json\/wp\/v2\/pages\/6681","targetHints":{"allow":["GET"]}}],"collection":[{"href":"https:\/\/arnaud-rodriguez.net\/photo\/wp-json\/wp\/v2\/pages"}],"about":[{"href":"https:\/\/arnaud-rodriguez.net\/photo\/wp-json\/wp\/v2\/types\/page"}],"author":[{"embeddable":true,"href":"https:\/\/arnaud-rodriguez.net\/photo\/wp-json\/wp\/v2\/users\/2"}],"replies":[{"embeddable":true,"href":"https:\/\/arnaud-rodriguez.net\/photo\/wp-json\/wp\/v2\/comments?post=6681"}],"version-history":[{"count":9,"href":"https:\/\/arnaud-rodriguez.net\/photo\/wp-json\/wp\/v2\/pages\/6681\/revisions"}],"predecessor-version":[{"id":7327,"href":"https:\/\/arnaud-rodriguez.net\/photo\/wp-json\/wp\/v2\/pages\/6681\/revisions\/7327"}],"up":[{"embeddable":true,"href":"https:\/\/arnaud-rodriguez.net\/photo\/wp-json\/wp\/v2\/pages\/1245"}],"wp:attachment":[{"href":"https:\/\/arnaud-rodriguez.net\/photo\/wp-json\/wp\/v2\/media?parent=6681"}],"curies":[{"name":"wp","href":"https:\/\/api.w.org\/{rel}","templated":true}]}}

<p><strong>Performance littéraire et photographique</strong></p>



<p><em>Donnée en mars 2022 à Bordeaux, cette performance peut être réalisée par exemple en bibliothèque ou librairie.</em></p>



<figure class="wp-block-image alignright size-full is-resized"><img loading="lazy" decoding="async" src="https://arnaud-rodriguez.net/photo/wp-content/uploads/2018/01/DSC_6037.jpg" alt="" class="wp-image-5546" width="240" height="160" srcset="https://arnaud-rodriguez.net/photo/wp-content/uploads/2018/01/DSC_6037.jpg 960w, https://arnaud-rodriguez.net/photo/wp-content/uploads/2018/01/DSC_6037-300x200.jpg 300w, https://arnaud-rodriguez.net/photo/wp-content/uploads/2018/01/DSC_6037-768x512.jpg 768w, https://arnaud-rodriguez.net/photo/wp-content/uploads/2018/01/DSC_6037-624x416.jpg 624w" sizes="auto, (max-width: 240px) 100vw, 240px" /><figcaption class="wp-element-caption">Tokyo, décembre 2016</figcaption></figure>



<p>Comment dire le Japon ? J&rsquo;y évoque ce pays, d’une part à travers mes photographies, et comment elles ont évolué entre 2011 et 2017 et d’autre part avec les mots, les miens et ceux des autres.</p>



<p>Ce parcours littéraire et imagé est un témoignage, celui de quelqu’un qui a vécu au Japon. C’est un regard, celui d’un photographe. C’est un chemin, celui d’un amoureux des livres et des mots. Ainsi l’on cherchera à percevoir ce pays, entre rêverie et réalité.</p>



<p>Avec les mots de&nbsp;: Olivier Adam, Corinne Atlan, Roland Barthes, Augustin Berque, Nicolas Bouvier, Peter Brook, Richard Collasse, Étienne de Crécy, Vincent Eggericx, Eric Faye, Mickael Ferrier, Hideo Furugawa, Christian Garcin, Chris Marker, Henri Michaux, Haruki Murakami, Yoko Ogawa, Emmanuelle Riva, Arnaud Rodriguez, Sei Shonagon, Junichiro Tanizaki, Yoko Tawada.</p>



<p>Durée&nbsp;: 45 minutes (50 minutes avec un extrait du film <em>Dans la mémoire des morts</em>&nbsp;de Christian Merlhiot)</p>



<hr class="wp-block-separator has-text-color has-vivid-red-color has-alpha-channel-opacity has-vivid-red-background-color has-background is-style-dots"/>



<p>Une première version, <em>La Lumière au Japon</em>, a été donnée en novembre 2015 dans le cadre du festival FACTS de l&rsquo;université de Bordeaux. </p>

<p>Performance littéraire et photographique Donnée en mars 2022 à Bordeaux, cette performance peut être réalisée par exemple en bibliothèque ou librairie. Comment dire le Japon ? J&rsquo;y évoque ce pays, d’une part à travers mes photographies, et comment elles ont évolué entre 2011 et 2017 et d’autre part avec les mots, les miens et ceux [&hellip;]</p>
