{"id":6784,"date":"2022-11-15T22:56:06","date_gmt":"2022-11-15T21:56:06","guid":{"rendered":"http:\/\/arnaud-rodriguez.net\/photo\/?page_id=6784"},"modified":"2025-06-21T09:17:59","modified_gmt":"2025-06-21T07:17:59","slug":"presence-de-lamour-a-linterieur","status":"publish","type":"page","link":"https:\/\/arnaud-rodriguez.net\/photo\/series\/presence-de-lamour-a-linterieur\/","title":{"rendered":"Pr\u00e9sence de l&rsquo;amour \u00e0 l&rsquo;int\u00e9rieur"},"content":{"rendered":"\n<p><strong>Objet litt\u00e9raire et photographique. <\/strong><\/p>\n\n\n\n<p>Le 23 mars 2019, je fais une rencontre, belle, forte, qui ne dure qu\u2019une heure. Je vis \u00e0 Bordeaux, il vit \u00e0 Paris.&nbsp;Cette histoire entre dans ma vie, \u00e0 jamais.<\/p>\n\n\n\n<p>Dans <em>Pr\u00e9sence de l&rsquo;amour \u00e0 l&rsquo;int\u00e9rieur<\/em>, textes (extraits de mon journal, de mars 2019 \u00e0 d\u00e9cembre 2019) et images se croisent, se nourrissent, se r\u00e9pondent : les textes disent peu, les images montrent peu, pas m\u00eame son visage. Le lecteur entre dans un univers amoureux qui se d\u00e9voile par la compl\u00e9mentarit\u00e9 de ces multiples \u00e9l\u00e9ments.<\/p>\n\n\n\n<p>Ce projet donnera naissance \u00e0 <a href=\"https:\/\/arnaud-rodriguez.net\/photo\/ecrits\/presence\/\" title=\"Pr\u00e9sence\">Pr\u00e9sence<\/a>, paru en mai 2024 aux \u00e9ditions Labyrinthes<\/p>\n\n\n\n<figure class=\"wp-block-image aligncenter size-full is-resized\"><img loading=\"lazy\" decoding=\"async\" src=\"https:\/\/arnaud-rodriguez.net\/photo\/wp-content\/uploads\/2022\/11\/rodriguez-presence2.jpg\" alt=\"\" class=\"wp-image-6787\" width=\"450\" height=\"479\"\/><\/figure>\n","protected":false},"excerpt":{"rendered":"<p>Objet litt\u00e9raire et photographique. Le 23 mars 2019, je fais une rencontre, belle, forte, qui ne dure qu\u2019une heure. Je vis \u00e0 Bordeaux, il vit \u00e0 Paris.&nbsp;Cette histoire entre dans ma vie, \u00e0 jamais. Dans Pr\u00e9sence de l&rsquo;amour \u00e0 l&rsquo;int\u00e9rieur, textes (extraits de mon journal, de mars 2019 \u00e0 d\u00e9cembre 2019) et images se croisent, [&hellip;]<\/p>\n","protected":false},"author":2,"featured_media":0,"parent":1245,"menu_order":0,"comment_status":"closed","ping_status":"closed","template":"","meta":{"_monsterinsights_skip_tracking":false,"_monsterinsights_sitenote_active":false,"_monsterinsights_sitenote_note":"","_monsterinsights_sitenote_category":0,"footnotes":""},"class_list":["post-6784","page","type-page","status-publish","hentry"],"aioseo_notices":[],"_links":{"self":[{"href":"https:\/\/arnaud-rodriguez.net\/photo\/wp-json\/wp\/v2\/pages\/6784","targetHints":{"allow":["GET"]}}],"collection":[{"href":"https:\/\/arnaud-rodriguez.net\/photo\/wp-json\/wp\/v2\/pages"}],"about":[{"href":"https:\/\/arnaud-rodriguez.net\/photo\/wp-json\/wp\/v2\/types\/page"}],"author":[{"embeddable":true,"href":"https:\/\/arnaud-rodriguez.net\/photo\/wp-json\/wp\/v2\/users\/2"}],"replies":[{"embeddable":true,"href":"https:\/\/arnaud-rodriguez.net\/photo\/wp-json\/wp\/v2\/comments?post=6784"}],"version-history":[{"count":8,"href":"https:\/\/arnaud-rodriguez.net\/photo\/wp-json\/wp\/v2\/pages\/6784\/revisions"}],"predecessor-version":[{"id":14630,"href":"https:\/\/arnaud-rodriguez.net\/photo\/wp-json\/wp\/v2\/pages\/6784\/revisions\/14630"}],"up":[{"embeddable":true,"href":"https:\/\/arnaud-rodriguez.net\/photo\/wp-json\/wp\/v2\/pages\/1245"}],"wp:attachment":[{"href":"https:\/\/arnaud-rodriguez.net\/photo\/wp-json\/wp\/v2\/media?parent=6784"}],"curies":[{"name":"wp","href":"https:\/\/api.w.org\/{rel}","templated":true}]}}

Présence de l&rsquo;amour à l&rsquo;intérieur

<p><strong>Objet littéraire et photographique. </strong></p>



<p>Le 23 mars 2019, je fais une rencontre, belle, forte, qui ne dure qu’une heure. Je vis à Bordeaux, il vit à Paris.&nbsp;Cette histoire entre dans ma vie, à jamais.</p>



<p>Dans <em>Présence de l&rsquo;amour à l&rsquo;intérieur</em>, textes (extraits de mon journal, de mars 2019 à décembre 2019) et images se croisent, se nourrissent, se répondent : les textes disent peu, les images montrent peu, pas même son visage. Le lecteur entre dans un univers amoureux qui se dévoile par la complémentarité de ces multiples éléments.</p>



<p>Ce projet donnera naissance à <a href="https://arnaud-rodriguez.net/photo/ecrits/presence/" title="Présence">Présence</a>, paru en mai 2024 aux éditions Labyrinthes</p>



<figure class="wp-block-image aligncenter size-full is-resized"><img loading="lazy" decoding="async" src="https://arnaud-rodriguez.net/photo/wp-content/uploads/2022/11/rodriguez-presence2.jpg" alt="" class="wp-image-6787" width="450" height="479"/></figure>

<p>Objet littéraire et photographique. Le 23 mars 2019, je fais une rencontre, belle, forte, qui ne dure qu’une heure. Je vis à Bordeaux, il vit à Paris.&nbsp;Cette histoire entre dans ma vie, à jamais. Dans Présence de l&rsquo;amour à l&rsquo;intérieur, textes (extraits de mon journal, de mars 2019 à décembre 2019) et images se croisent, [&hellip;]</p>
