{"id":6795,"date":"2022-11-15T23:35:19","date_gmt":"2022-11-15T22:35:19","guid":{"rendered":"http:\/\/arnaud-rodriguez.net\/photo\/?page_id=6795"},"modified":"2025-02-09T16:18:35","modified_gmt":"2025-02-09T15:18:35","slug":"le-temps-dun-souffle","status":"publish","type":"page","link":"https:\/\/arnaud-rodriguez.net\/photo\/expositions\/le-temps-dun-souffle\/","title":{"rendered":"Le Temps d&rsquo;un souffle"},"content":{"rendered":"\n<p>Exposition en plusieurs lieux. Bordeaux, mars 2022<\/p>\n\n\n\n<p><em>\u00ab&nbsp;Rien de pesant, rien de solennel, rien de convenu<\/em>.&nbsp;\u00bb En lisant ces mots, \u00e9crits par Corinne Atlan et Z\u00e9no Bianu dans l\u2019introduction \u00e0 l\u2019<em>Anthologie du po\u00e8me court japonais<\/em> pour d\u00e9crire un ha\u00efku \u2013 ou plut\u00f4t caresser l\u2019id\u00e9e de lui donner un sens \u2013 j\u2019ai tout de suite ressenti une impression \u00e9trange&nbsp;: quelqu\u2019un avait mis des mots sur certaines de mes images, c\u2019est-\u00e0-dire sur ma mani\u00e8re d\u2019appr\u00e9hender leur cr\u00e9ation et sur ce qu\u2019elles expriment.<\/p>\n\n\n\n<p>A la Machine \u00e0 Musique, l\u2019exposition r\u00e9unissait 4 saisons de photographies, prises entre mai 2016 et avril 2017, 4 saisons qui ont clos mon regard photographique sur ce pays apr\u00e8s 3 ann\u00e9es de vie l\u00e0-bas. Au milieu de 32 images, des ha\u00efkus \u2013 tir\u00e9s de cette m\u00eame anthologie \u2013, comme autant d\u2019images que je n\u2019aurais pas su prendre.<\/p>\n\n\n\n<figure class=\"wp-block-image size-large\"><img loading=\"lazy\" decoding=\"async\" width=\"960\" height=\"379\" src=\"https:\/\/arnaud-rodriguez.net\/photo\/wp-content\/uploads\/2023\/11\/maquette-haiku-2murs-ok-1-960x379.jpg\" alt=\"\" class=\"wp-image-7058\" srcset=\"https:\/\/arnaud-rodriguez.net\/photo\/wp-content\/uploads\/2023\/11\/maquette-haiku-2murs-ok-1-960x379.jpg 960w, https:\/\/arnaud-rodriguez.net\/photo\/wp-content\/uploads\/2023\/11\/maquette-haiku-2murs-ok-1-300x119.jpg 300w, https:\/\/arnaud-rodriguez.net\/photo\/wp-content\/uploads\/2023\/11\/maquette-haiku-2murs-ok-1-768x303.jpg 768w, https:\/\/arnaud-rodriguez.net\/photo\/wp-content\/uploads\/2023\/11\/maquette-haiku-2murs-ok-1-1536x607.jpg 1536w, https:\/\/arnaud-rodriguez.net\/photo\/wp-content\/uploads\/2023\/11\/maquette-haiku-2murs-ok-1-2048x809.jpg 2048w\" sizes=\"auto, (max-width: 960px) 100vw, 960px\" \/><figcaption class=\"wp-element-caption\">Maquette partielle de l&rsquo;exposition<\/figcaption><\/figure>\n\n\n\n<figure class=\"wp-block-image alignright size-large is-resized\"><img loading=\"lazy\" decoding=\"async\" src=\"https:\/\/arnaud-rodriguez.net\/photo\/wp-content\/uploads\/2023\/11\/hiver-50x70-1-960x686.jpg\" alt=\"\" class=\"wp-image-7060\" width=\"343\" height=\"246\" srcset=\"https:\/\/arnaud-rodriguez.net\/photo\/wp-content\/uploads\/2023\/11\/hiver-50x70-1-960x686.jpg 960w, https:\/\/arnaud-rodriguez.net\/photo\/wp-content\/uploads\/2023\/11\/hiver-50x70-1-300x214.jpg 300w, https:\/\/arnaud-rodriguez.net\/photo\/wp-content\/uploads\/2023\/11\/hiver-50x70-1-768x549.jpg 768w, https:\/\/arnaud-rodriguez.net\/photo\/wp-content\/uploads\/2023\/11\/hiver-50x70-1-1536x1097.jpg 1536w, https:\/\/arnaud-rodriguez.net\/photo\/wp-content\/uploads\/2023\/11\/hiver-50x70-1.jpg 1800w\" sizes=\"auto, (max-width: 343px) 100vw, 343px\" \/><figcaption class=\"wp-element-caption\">L&rsquo;hiver<\/figcaption><\/figure>\n\n\n\n<p>Sur les cimaises d\u2019Un air de th\u00e9 \u2013 o\u00f9 l\u2019on peut toujours voir ce travail \u2013, j\u2019ai tenu \u00e0 r\u00e9unir quatre photographies, une par saison, et quatre ha\u00efkus. Textes et images s\u00e9lectionn\u00e9s n\u2019\u00e9chappent pas \u00e0 ce que le Japon offre \u00e0 celui qui le visite : ce quelque chose qu\u2019on dit tradition et qui nous transporte dans un ailleurs, culturel et temporel, mais aussi sensoriel, conceptuel. En les r\u00e9unissant, que nous disent-ils d\u2019autre ?<\/p>\n\n\n\n<hr class=\"wp-block-separator has-alpha-channel-opacity\"\/>\n\n\n\n<p><em>Anthologie du po\u00e8me court japonais<\/em><br>\u00c9ditions Gallimard<\/p>\n\n\n\n<h3 class=\"wp-block-heading\">A propos<\/h3>\n\n\n\n<figure class=\"wp-block-image alignright size-large is-resized\"><img loading=\"lazy\" decoding=\"async\" src=\"https:\/\/arnaud-rodriguez.net\/photo\/wp-content\/uploads\/2022\/11\/flyer-japon-le-temps-dun-souffle-1-740x1024.jpg\" alt=\"\" class=\"wp-image-6796\" width=\"235\" height=\"325\" srcset=\"https:\/\/arnaud-rodriguez.net\/photo\/wp-content\/uploads\/2022\/11\/flyer-japon-le-temps-dun-souffle-1-740x1024.jpg 740w, https:\/\/arnaud-rodriguez.net\/photo\/wp-content\/uploads\/2022\/11\/flyer-japon-le-temps-dun-souffle-1-217x300.jpg 217w, https:\/\/arnaud-rodriguez.net\/photo\/wp-content\/uploads\/2022\/11\/flyer-japon-le-temps-dun-souffle-1-768x1063.jpg 768w, https:\/\/arnaud-rodriguez.net\/photo\/wp-content\/uploads\/2022\/11\/flyer-japon-le-temps-dun-souffle-1.jpg 800w\" sizes=\"auto, (max-width: 235px) 100vw, 235px\" \/><\/figure>\n\n\n\n<p>Le projet Le Temps d&rsquo;un souffle r\u00e9unit ainsi images et ha\u00efkus. Il est \u00e9galement le titre d&rsquo;un ensemble de rendez-vous autour du Japon, propos\u00e9s par l&rsquo;association Les Amis de la Machine \u00e0 Lire Bordeaux en mars 2022.<\/p>\n\n\n\n<p><strong>En savoir plus :<\/strong><br><a rel=\"noreferrer noopener\" href=\"https:\/\/amis-lml.fr\/nos-rendez-vous\/evenement-japon-2022\/\" target=\"_blank\">https:\/\/amis-lml.fr\/nos-rendez-vous\/evenement-japon-2022\/<\/a><\/p>\n","protected":false},"excerpt":{"rendered":"<p>Exposition en plusieurs lieux. Bordeaux, mars 2022 \u00ab&nbsp;Rien de pesant, rien de solennel, rien de convenu.&nbsp;\u00bb En lisant ces mots, \u00e9crits par Corinne Atlan et Z\u00e9no Bianu dans l\u2019introduction \u00e0 l\u2019Anthologie du po\u00e8me court japonais pour d\u00e9crire un ha\u00efku \u2013 ou plut\u00f4t caresser l\u2019id\u00e9e de lui donner un sens \u2013 j\u2019ai tout de suite ressenti [&hellip;]<\/p>\n","protected":false},"author":2,"featured_media":0,"parent":892,"menu_order":0,"comment_status":"closed","ping_status":"closed","template":"","meta":{"_monsterinsights_skip_tracking":false,"_monsterinsights_sitenote_active":false,"_monsterinsights_sitenote_note":"","_monsterinsights_sitenote_category":0,"footnotes":""},"class_list":["post-6795","page","type-page","status-publish","hentry"],"aioseo_notices":[],"_links":{"self":[{"href":"https:\/\/arnaud-rodriguez.net\/photo\/wp-json\/wp\/v2\/pages\/6795","targetHints":{"allow":["GET"]}}],"collection":[{"href":"https:\/\/arnaud-rodriguez.net\/photo\/wp-json\/wp\/v2\/pages"}],"about":[{"href":"https:\/\/arnaud-rodriguez.net\/photo\/wp-json\/wp\/v2\/types\/page"}],"author":[{"embeddable":true,"href":"https:\/\/arnaud-rodriguez.net\/photo\/wp-json\/wp\/v2\/users\/2"}],"replies":[{"embeddable":true,"href":"https:\/\/arnaud-rodriguez.net\/photo\/wp-json\/wp\/v2\/comments?post=6795"}],"version-history":[{"count":8,"href":"https:\/\/arnaud-rodriguez.net\/photo\/wp-json\/wp\/v2\/pages\/6795\/revisions"}],"predecessor-version":[{"id":14696,"href":"https:\/\/arnaud-rodriguez.net\/photo\/wp-json\/wp\/v2\/pages\/6795\/revisions\/14696"}],"up":[{"embeddable":true,"href":"https:\/\/arnaud-rodriguez.net\/photo\/wp-json\/wp\/v2\/pages\/892"}],"wp:attachment":[{"href":"https:\/\/arnaud-rodriguez.net\/photo\/wp-json\/wp\/v2\/media?parent=6795"}],"curies":[{"name":"wp","href":"https:\/\/api.w.org\/{rel}","templated":true}]}}

<p>Exposition en plusieurs lieux. Bordeaux, mars 2022</p>



<p><em>«&nbsp;Rien de pesant, rien de solennel, rien de convenu</em>.&nbsp;» En lisant ces mots, écrits par Corinne Atlan et Zéno Bianu dans l’introduction à l’<em>Anthologie du poème court japonais</em> pour décrire un haïku – ou plutôt caresser l’idée de lui donner un sens – j’ai tout de suite ressenti une impression étrange&nbsp;: quelqu’un avait mis des mots sur certaines de mes images, c’est-à-dire sur ma manière d’appréhender leur création et sur ce qu’elles expriment.</p>



<p>A la Machine à Musique, l’exposition réunissait 4 saisons de photographies, prises entre mai 2016 et avril 2017, 4 saisons qui ont clos mon regard photographique sur ce pays après 3 années de vie là-bas. Au milieu de 32 images, des haïkus – tirés de cette même anthologie –, comme autant d’images que je n’aurais pas su prendre.</p>



<figure class="wp-block-image size-large"><img loading="lazy" decoding="async" width="960" height="379" src="https://arnaud-rodriguez.net/photo/wp-content/uploads/2023/11/maquette-haiku-2murs-ok-1-960x379.jpg" alt="" class="wp-image-7058" srcset="https://arnaud-rodriguez.net/photo/wp-content/uploads/2023/11/maquette-haiku-2murs-ok-1-960x379.jpg 960w, https://arnaud-rodriguez.net/photo/wp-content/uploads/2023/11/maquette-haiku-2murs-ok-1-300x119.jpg 300w, https://arnaud-rodriguez.net/photo/wp-content/uploads/2023/11/maquette-haiku-2murs-ok-1-768x303.jpg 768w, https://arnaud-rodriguez.net/photo/wp-content/uploads/2023/11/maquette-haiku-2murs-ok-1-1536x607.jpg 1536w, https://arnaud-rodriguez.net/photo/wp-content/uploads/2023/11/maquette-haiku-2murs-ok-1-2048x809.jpg 2048w" sizes="auto, (max-width: 960px) 100vw, 960px" /><figcaption class="wp-element-caption">Maquette partielle de l&rsquo;exposition</figcaption></figure>



<figure class="wp-block-image alignright size-large is-resized"><img loading="lazy" decoding="async" src="https://arnaud-rodriguez.net/photo/wp-content/uploads/2023/11/hiver-50x70-1-960x686.jpg" alt="" class="wp-image-7060" width="343" height="246" srcset="https://arnaud-rodriguez.net/photo/wp-content/uploads/2023/11/hiver-50x70-1-960x686.jpg 960w, https://arnaud-rodriguez.net/photo/wp-content/uploads/2023/11/hiver-50x70-1-300x214.jpg 300w, https://arnaud-rodriguez.net/photo/wp-content/uploads/2023/11/hiver-50x70-1-768x549.jpg 768w, https://arnaud-rodriguez.net/photo/wp-content/uploads/2023/11/hiver-50x70-1-1536x1097.jpg 1536w, https://arnaud-rodriguez.net/photo/wp-content/uploads/2023/11/hiver-50x70-1.jpg 1800w" sizes="auto, (max-width: 343px) 100vw, 343px" /><figcaption class="wp-element-caption">L&rsquo;hiver</figcaption></figure>



<p>Sur les cimaises d’Un air de thé – où l’on peut toujours voir ce travail –, j’ai tenu à réunir quatre photographies, une par saison, et quatre haïkus. Textes et images sélectionnés n’échappent pas à ce que le Japon offre à celui qui le visite : ce quelque chose qu’on dit tradition et qui nous transporte dans un ailleurs, culturel et temporel, mais aussi sensoriel, conceptuel. En les réunissant, que nous disent-ils d’autre ?</p>



<hr class="wp-block-separator has-alpha-channel-opacity"/>



<p><em>Anthologie du poème court japonais</em><br>Éditions Gallimard</p>



<h3 class="wp-block-heading">A propos</h3>



<figure class="wp-block-image alignright size-large is-resized"><img loading="lazy" decoding="async" src="https://arnaud-rodriguez.net/photo/wp-content/uploads/2022/11/flyer-japon-le-temps-dun-souffle-1-740x1024.jpg" alt="" class="wp-image-6796" width="235" height="325" srcset="https://arnaud-rodriguez.net/photo/wp-content/uploads/2022/11/flyer-japon-le-temps-dun-souffle-1-740x1024.jpg 740w, https://arnaud-rodriguez.net/photo/wp-content/uploads/2022/11/flyer-japon-le-temps-dun-souffle-1-217x300.jpg 217w, https://arnaud-rodriguez.net/photo/wp-content/uploads/2022/11/flyer-japon-le-temps-dun-souffle-1-768x1063.jpg 768w, https://arnaud-rodriguez.net/photo/wp-content/uploads/2022/11/flyer-japon-le-temps-dun-souffle-1.jpg 800w" sizes="auto, (max-width: 235px) 100vw, 235px" /></figure>



<p>Le projet Le Temps d&rsquo;un souffle réunit ainsi images et haïkus. Il est également le titre d&rsquo;un ensemble de rendez-vous autour du Japon, proposés par l&rsquo;association Les Amis de la Machine à Lire Bordeaux en mars 2022.</p>



<p><strong>En savoir plus :</strong><br><a rel="noreferrer noopener" href="https://amis-lml.fr/nos-rendez-vous/evenement-japon-2022/" target="_blank">https://amis-lml.fr/nos-rendez-vous/evenement-japon-2022/</a></p>

<p>Exposition en plusieurs lieux. Bordeaux, mars 2022 «&nbsp;Rien de pesant, rien de solennel, rien de convenu.&nbsp;» En lisant ces mots, écrits par Corinne Atlan et Zéno Bianu dans l’introduction à l’Anthologie du poème court japonais pour décrire un haïku – ou plutôt caresser l’idée de lui donner un sens – j’ai tout de suite ressenti [&hellip;]</p>
