{"id":7301,"date":"2024-04-29T23:04:08","date_gmt":"2024-04-29T21:04:08","guid":{"rendered":"http:\/\/arnaud-rodriguez.net\/photo\/?page_id=7301"},"modified":"2026-02-08T22:12:40","modified_gmt":"2026-02-08T21:12:40","slug":"presence","status":"publish","type":"page","link":"https:\/\/arnaud-rodriguez.net\/photo\/ecrits\/presence\/","title":{"rendered":"Pr\u00e9sence"},"content":{"rendered":"\n<div class=\"wp-block-media-text alignwide is-stacked-on-mobile is-vertically-aligned-top\" style=\"grid-template-columns:33% auto\"><figure class=\"wp-block-media-text__media\"><img loading=\"lazy\" decoding=\"async\" width=\"648\" height=\"1024\" src=\"https:\/\/arnaud-rodriguez.net\/photo\/wp-content\/uploads\/2024\/04\/PHOTO-2024-04-29-20-10-00-edited-648x1024.jpg\" alt=\"\" class=\"wp-image-7304 size-full\" srcset=\"https:\/\/arnaud-rodriguez.net\/photo\/wp-content\/uploads\/2024\/04\/PHOTO-2024-04-29-20-10-00-edited-648x1024.jpg 648w, https:\/\/arnaud-rodriguez.net\/photo\/wp-content\/uploads\/2024\/04\/PHOTO-2024-04-29-20-10-00-edited-190x300.jpg 190w, https:\/\/arnaud-rodriguez.net\/photo\/wp-content\/uploads\/2024\/04\/PHOTO-2024-04-29-20-10-00-edited-768x1213.jpg 768w, https:\/\/arnaud-rodriguez.net\/photo\/wp-content\/uploads\/2024\/04\/PHOTO-2024-04-29-20-10-00-edited-973x1536.jpg 973w, https:\/\/arnaud-rodriguez.net\/photo\/wp-content\/uploads\/2024\/04\/PHOTO-2024-04-29-20-10-00-edited.jpg 1003w\" sizes=\"auto, (max-width: 648px) 100vw, 648px\" \/><\/figure><div class=\"wp-block-media-text__content\">\n<p>Paru aux <a href=\"https:\/\/labyrinthes.net\">\u00e9ditions Labyrinthe[s<\/a> le 20 mai 2024. Collection <em>Misfits<\/em>, dirig\u00e9e par Olivier Steiner.<\/p>\n\n\n\n<p>En commande sur : <br><a href=\"https:\/\/labyrinthes.sumupstore.com\/article\/presence-arnaud-rodriguez\" target=\"_blank\" rel=\"noopener\" title=\"\">https:\/\/labyrinthes.sumupstore.com\/article\/arnaud-rodriguez-presence<\/a><br>&#8230; et dans toutes les librairies !<\/p>\n\n\n\n<p><a href=\"https:\/\/www.amazon.fr\/Pr%C3%A9sence-Arnaud-Rodriguez-ebook\/dp\/B0FPK3RGS1\/ref=tmm_kin_swatch_0\" target=\"_blank\" rel=\"noopener\" title=\"\">\u00c9galement disponible en ebook<\/a><\/p>\n\n\n\n<p>ISBN : 978-2-492895-13-5<\/p>\n\n\n\n<p>Merci \u00e0 Patrice Salsa, Olivier Steiner, Nicolas Granier et \u00e0 celui qui a donn\u00e9 naissance \u00e0 ce livre !  <\/p>\n\n\n\n<p><strong>4\u00e8me de couverture<\/strong><br>Tu me dis que tu as aim\u00e9 ce que j\u2019ai \u00e9crit. Tu me dis que tu as aim\u00e9 ce que j\u2019ai \u00e9crit \u00e0 la suite de ce que l\u2019on s\u2019\u00e9tait dit. Comme une spirale&nbsp;: les mots sur les mots \u00e0 propos des mots et ainsi de suite. Comme une danse&nbsp;: \u00e7a pourrait ne jamais finir. Ou l\u2019amour. Oui, tu me dis que tu as aim\u00e9 ce que j\u2019ai \u00e9crit. Et puisque depuis peu je te sais lecteur de mon journal, comment puis-je alors \u00e9crire&nbsp;? Certes, c\u2019est toujours en sachant qu\u2019il y a quelqu\u2019un, \u00e0 l\u2019autre bout, ou bien qu\u2019il peut y avoir quelqu\u2019un\u2026 C\u2019est un jeu, un frisson parfois, une contrainte sans doute. Qu\u2019\u00e9crire chaque jour&nbsp;? Que choisir dans tout ce que j\u2019ai envie de crier, puisqu\u2019\u00eatre lu partout, n\u2019est-ce pas un peu crier&nbsp;? Que choisir de nous que tu ne saches d\u00e9j\u00e0 et que j\u2019aimerais retranscrire&nbsp;? Et comment dire ce que l\u2019on ne s\u2019est pas encore dit, ce que l\u2019on ne se dira peut-\u00eatre pas, et que je pourrais exprimer ici et pas ailleurs, dans l\u2019instant conjoint de mon \u00e9criture et de ta pr\u00e9sence, alors que tu n\u2019es pas l\u00e0 ? Par exemple, je risque d\u2019\u00e9crire que tu me manques. Mais n\u2019es-tu pas l\u00e0&nbsp;? Pr\u00e9sence, ce pourrait \u00eatre ton nom, Pr\u00e9sence.<\/p>\n<\/div><\/div>\n\n\n\n<p><\/p>\n","protected":false},"excerpt":{"rendered":"<p>Paru aux \u00e9ditions Labyrinthe[s le 20 mai 2024. Collection Misfits, dirig\u00e9e par Olivier Steiner. En commande sur : https:\/\/labyrinthes.sumupstore.com\/article\/arnaud-rodriguez-presence&#8230; et dans toutes les librairies ! \u00c9galement disponible en ebook ISBN : 978-2-492895-13-5 Merci \u00e0 Patrice Salsa, Olivier Steiner, Nicolas Granier et \u00e0 celui qui a donn\u00e9 naissance \u00e0 ce livre ! 4\u00e8me de couvertureTu me [&hellip;]<\/p>\n","protected":false},"author":2,"featured_media":0,"parent":1897,"menu_order":0,"comment_status":"closed","ping_status":"closed","template":"","meta":{"_monsterinsights_skip_tracking":false,"_monsterinsights_sitenote_active":false,"_monsterinsights_sitenote_note":"","_monsterinsights_sitenote_category":0,"footnotes":""},"class_list":["post-7301","page","type-page","status-publish","hentry"],"aioseo_notices":[],"_links":{"self":[{"href":"https:\/\/arnaud-rodriguez.net\/photo\/wp-json\/wp\/v2\/pages\/7301","targetHints":{"allow":["GET"]}}],"collection":[{"href":"https:\/\/arnaud-rodriguez.net\/photo\/wp-json\/wp\/v2\/pages"}],"about":[{"href":"https:\/\/arnaud-rodriguez.net\/photo\/wp-json\/wp\/v2\/types\/page"}],"author":[{"embeddable":true,"href":"https:\/\/arnaud-rodriguez.net\/photo\/wp-json\/wp\/v2\/users\/2"}],"replies":[{"embeddable":true,"href":"https:\/\/arnaud-rodriguez.net\/photo\/wp-json\/wp\/v2\/comments?post=7301"}],"version-history":[{"count":16,"href":"https:\/\/arnaud-rodriguez.net\/photo\/wp-json\/wp\/v2\/pages\/7301\/revisions"}],"predecessor-version":[{"id":15038,"href":"https:\/\/arnaud-rodriguez.net\/photo\/wp-json\/wp\/v2\/pages\/7301\/revisions\/15038"}],"up":[{"embeddable":true,"href":"https:\/\/arnaud-rodriguez.net\/photo\/wp-json\/wp\/v2\/pages\/1897"}],"wp:attachment":[{"href":"https:\/\/arnaud-rodriguez.net\/photo\/wp-json\/wp\/v2\/media?parent=7301"}],"curies":[{"name":"wp","href":"https:\/\/api.w.org\/{rel}","templated":true}]}}

Présence

<div class="wp-block-media-text alignwide is-stacked-on-mobile is-vertically-aligned-top" style="grid-template-columns:33% auto"><figure class="wp-block-media-text__media"><img loading="lazy" decoding="async" width="648" height="1024" src="https://arnaud-rodriguez.net/photo/wp-content/uploads/2024/04/PHOTO-2024-04-29-20-10-00-edited-648x1024.jpg" alt="" class="wp-image-7304 size-full" srcset="https://arnaud-rodriguez.net/photo/wp-content/uploads/2024/04/PHOTO-2024-04-29-20-10-00-edited-648x1024.jpg 648w, https://arnaud-rodriguez.net/photo/wp-content/uploads/2024/04/PHOTO-2024-04-29-20-10-00-edited-190x300.jpg 190w, https://arnaud-rodriguez.net/photo/wp-content/uploads/2024/04/PHOTO-2024-04-29-20-10-00-edited-768x1213.jpg 768w, https://arnaud-rodriguez.net/photo/wp-content/uploads/2024/04/PHOTO-2024-04-29-20-10-00-edited-973x1536.jpg 973w, https://arnaud-rodriguez.net/photo/wp-content/uploads/2024/04/PHOTO-2024-04-29-20-10-00-edited.jpg 1003w" sizes="auto, (max-width: 648px) 100vw, 648px" /></figure><div class="wp-block-media-text__content">
<p>Paru aux <a href="https://labyrinthes.net">éditions Labyrinthe[s</a> le 20 mai 2024. Collection <em>Misfits</em>, dirigée par Olivier Steiner.</p>



<p>En commande sur : <br><a href="https://labyrinthes.sumupstore.com/article/presence-arnaud-rodriguez" target="_blank" rel="noopener" title="">https://labyrinthes.sumupstore.com/article/arnaud-rodriguez-presence</a><br>&#8230; et dans toutes les librairies !</p>



<p><a href="https://www.amazon.fr/Pr%C3%A9sence-Arnaud-Rodriguez-ebook/dp/B0FPK3RGS1/ref=tmm_kin_swatch_0" target="_blank" rel="noopener" title="">Également disponible en ebook</a></p>



<p>ISBN : 978-2-492895-13-5</p>



<p>Merci à Patrice Salsa, Olivier Steiner, Nicolas Granier et à celui qui a donné naissance à ce livre !  </p>



<p><strong>4ème de couverture</strong><br>Tu me dis que tu as aimé ce que j’ai écrit. Tu me dis que tu as aimé ce que j’ai écrit à la suite de ce que l’on s’était dit. Comme une spirale&nbsp;: les mots sur les mots à propos des mots et ainsi de suite. Comme une danse&nbsp;: ça pourrait ne jamais finir. Ou l’amour. Oui, tu me dis que tu as aimé ce que j’ai écrit. Et puisque depuis peu je te sais lecteur de mon journal, comment puis-je alors écrire&nbsp;? Certes, c’est toujours en sachant qu’il y a quelqu’un, à l’autre bout, ou bien qu’il peut y avoir quelqu’un… C’est un jeu, un frisson parfois, une contrainte sans doute. Qu’écrire chaque jour&nbsp;? Que choisir dans tout ce que j’ai envie de crier, puisqu’être lu partout, n’est-ce pas un peu crier&nbsp;? Que choisir de nous que tu ne saches déjà et que j’aimerais retranscrire&nbsp;? Et comment dire ce que l’on ne s’est pas encore dit, ce que l’on ne se dira peut-être pas, et que je pourrais exprimer ici et pas ailleurs, dans l’instant conjoint de mon écriture et de ta présence, alors que tu n’es pas là ? Par exemple, je risque d’écrire que tu me manques. Mais n’es-tu pas là&nbsp;? Présence, ce pourrait être ton nom, Présence.</p>
</div></div>



<p></p>

<p>Paru aux éditions Labyrinthe[s le 20 mai 2024. Collection Misfits, dirigée par Olivier Steiner. En commande sur : https://labyrinthes.sumupstore.com/article/arnaud-rodriguez-presence&#8230; et dans toutes les librairies ! Également disponible en ebook ISBN : 978-2-492895-13-5 Merci à Patrice Salsa, Olivier Steiner, Nicolas Granier et à celui qui a donné naissance à ce livre ! 4ème de couvertureTu me [&hellip;]</p>
